CRAN Package Check Results for Package stream

Last updated on 2021-08-04 22:55:36 CEST.

Flavor Version Tinstall Tcheck Ttotal Status Flags
r-devel-linux-x86_64-debian-clang 1.4-0 155.89 205.47 361.36 OK
r-devel-linux-x86_64-debian-gcc 1.4-0 101.49 147.79 249.28 OK
r-devel-linux-x86_64-fedora-clang 1.4-0 473.23 NOTE
r-devel-linux-x86_64-fedora-gcc 1.4-0 434.28 NOTE
r-devel-windows-x86_64 1.4-0 127.00 254.00 381.00 OK
r-devel-windows-x86_64-gcc10-UCRT 1.4-0 NOTE
r-patched-linux-x86_64 1.4-0 119.73 185.03 304.76 OK
r-patched-solaris-x86 1.4-0 447.90 NOTE
r-release-linux-x86_64 1.4-0 119.62 186.29 305.91 OK
r-release-macos-arm64 1.4-0 NOTE
r-release-macos-x86_64 1.4-0 NOTE
r-release-windows-ix86+x86_64 1.4-0 332.00 245.00 577.00 NOTE
r-oldrel-macos-x86_64 1.4-0 NOTE
r-oldrel-windows-ix86+x86_64 1.4-0 239.00 371.00 610.00 NOTE

Check Details

Version: 1.4-0
Check: installed package size
Result: NOTE
     installed size is 12.9Mb
     sub-directories of 1Mb or more:
     doc 2.3Mb
     libs 9.7Mb
Flavors: r-devel-linux-x86_64-fedora-clang, r-release-macos-arm64, r-release-macos-x86_64, r-release-windows-ix86+x86_64, r-oldrel-macos-x86_64, r-oldrel-windows-ix86+x86_64

Version: 1.4-0
Check: dependencies in R code
Result: NOTE
    Namespace in Imports field not imported from: ‘dbscan’
     All declared Imports should be used.
Flavors: r-devel-linux-x86_64-fedora-clang, r-devel-linux-x86_64-fedora-gcc, r-devel-windows-x86_64-gcc10-UCRT, r-patched-solaris-x86, r-release-macos-arm64, r-release-macos-x86_64, r-oldrel-macos-x86_64