Last updated on 2023-10-01 23:04:00 CEST.
Flavor | Version | Tinstall | Tcheck | Ttotal | Status | Flags |
---|---|---|---|---|---|---|
r-devel-linux-x86_64-debian-clang | 2.0-1 | 157.05 | 210.26 | 367.31 | OK | |
r-devel-linux-x86_64-debian-gcc | 2.0-1 | 119.31 | 159.70 | 279.01 | OK | |
r-devel-linux-x86_64-fedora-clang | 2.0-1 | 551.65 | OK | |||
r-devel-linux-x86_64-fedora-gcc | 2.0-1 | 572.69 | OK | |||
r-devel-windows-x86_64 | 2.0-1 | 120.00 | 254.00 | 374.00 | OK | |
r-patched-linux-x86_64 | 2.0-1 | 162.29 | 206.27 | 368.56 | OK | |
r-release-linux-x86_64 | 2.0-1 | 163.89 | 202.39 | 366.28 | OK | |
r-release-macos-arm64 | 2.0-1 | 142.00 | NOTE | |||
r-release-macos-x86_64 | 2.0-1 | 245.00 | NOTE | |||
r-release-windows-x86_64 | 2.0-1 | 153.00 | 291.00 | 444.00 | OK | |
r-oldrel-macos-arm64 | 2.0-1 | 114.00 | NOTE | |||
r-oldrel-macos-x86_64 | 2.0-1 | 160.00 | NOTE | |||
r-oldrel-windows-x86_64 | 2.0-1 | 153.00 | 252.00 | 405.00 | OK |
Version: 2.0-1
Check: installed package size
Result: NOTE
installed size is 13.9Mb
sub-directories of 1Mb or more:
doc 1.7Mb
libs 10.9Mb
Flavors: r-release-macos-arm64, r-release-macos-x86_64, r-oldrel-macos-arm64, r-oldrel-macos-x86_64