CRAN Package Check Results for Package strex

Last updated on 2021-09-21 22:51:55 CEST.

Flavor Version Tinstall Tcheck Ttotal Status Flags
r-devel-linux-x86_64-debian-clang 1.4.2 6.96 41.91 48.87 OK
r-devel-linux-x86_64-debian-gcc 1.4.2 4.41 32.00 36.41 OK
r-devel-linux-x86_64-fedora-clang 1.4.2 66.82 OK
r-devel-linux-x86_64-fedora-gcc 1.4.2 56.74 OK
r-devel-windows-x86_64 1.4.2 9.00 53.00 62.00 OK
r-devel-windows-x86_64-gcc10-UCRT 1.4.2 ERROR
r-patched-linux-x86_64 1.4.2 5.65 41.93 47.58 OK
r-patched-solaris-x86 1.4.2 93.30 OK
r-release-linux-x86_64 1.4.2 5.17 41.05 46.22 OK
r-release-macos-arm64 1.4.2 OK
r-release-macos-x86_64 1.4.2 OK
r-release-windows-ix86+x86_64 1.4.2 17.00 56.00 73.00 OK
r-oldrel-macos-x86_64 1.4.2 OK
r-oldrel-windows-ix86+x86_64 1.4.2 18.00 56.00 74.00 OK

Check Details

Version: 1.4.2
Check: whether package can be installed
Result: ERROR
    Installation failed.
Flavor: r-devel-windows-x86_64-gcc10-UCRT