Last updated on 2023-09-28 23:09:00 CEST.
Flavor | Version | Tinstall | Tcheck | Ttotal | Status | Flags |
---|---|---|---|---|---|---|
r-devel-linux-x86_64-debian-clang | 1.3 | 20.01 | 111.57 | 131.58 | NOTE | |
r-devel-linux-x86_64-debian-gcc | 1.3 | 13.41 | 77.13 | 90.54 | NOTE | |
r-devel-linux-x86_64-fedora-clang | 1.3 | 176.12 | NOTE | |||
r-devel-linux-x86_64-fedora-gcc | 1.3 | 189.03 | NOTE | |||
r-devel-windows-x86_64 | 1.3 | 16.00 | 137.00 | 153.00 | NOTE | |
r-patched-linux-x86_64 | 1.3 | 16.84 | 115.46 | 132.30 | NOTE | |
r-release-linux-x86_64 | 1.3 | 19.37 | 113.61 | 132.98 | NOTE | |
r-release-macos-arm64 | 1.3 | 59.00 | NOTE | |||
r-release-macos-x86_64 | 1.3 | 91.00 | NOTE | |||
r-release-windows-x86_64 | 1.3 | 15.00 | 157.00 | 172.00 | NOTE | |
r-oldrel-macos-arm64 | 1.3 | 50.00 | OK | |||
r-oldrel-macos-x86_64 | 1.3 | 62.00 | OK | |||
r-oldrel-windows-x86_64 | 1.3 | 22.00 | 140.00 | 162.00 | OK |
Version: 1.3
Check: C++ specification
Result: NOTE
Specified C++11: please drop specification unless essential
Flavors: r-devel-linux-x86_64-debian-clang, r-devel-linux-x86_64-debian-gcc, r-devel-linux-x86_64-fedora-clang, r-devel-linux-x86_64-fedora-gcc, r-devel-windows-x86_64, r-patched-linux-x86_64, r-release-linux-x86_64, r-release-macos-arm64, r-release-macos-x86_64, r-release-windows-x86_64