CRAN Package Check Results for Package stringdist

Last updated on 2019-08-16 22:48:33 CEST.

Flavor Version Tinstall Tcheck Ttotal Status Flags
r-devel-linux-x86_64-debian-clang 0.9.5.2 5.67 30.52 36.19 OK
r-devel-linux-x86_64-debian-gcc 0.9.5.2 3.59 23.94 27.53 OK
r-devel-linux-x86_64-fedora-clang 0.9.5.2 45.55 OK
r-devel-linux-x86_64-fedora-gcc 0.9.5.2 43.11 OK
r-devel-windows-ix86+x86_64 0.9.5.2 63.00 56.00 119.00 ERROR
r-patched-linux-x86_64 0.9.5.2 4.26 29.97 34.23 OK
r-patched-solaris-x86 0.9.5.2 69.20 OK
r-release-linux-x86_64 0.9.5.2 4.00 29.91 33.91 OK
r-release-windows-ix86+x86_64 0.9.5.2 53.00 70.00 123.00 OK
r-release-osx-x86_64 0.9.5.2 OK
r-oldrel-windows-ix86+x86_64 0.9.5.2 35.00 53.00 88.00 OK
r-oldrel-osx-x86_64 0.9.5.2 OK

Check Details

Version: 0.9.5.2
Check: running tests for arch ‘i386’
Result: ERROR
     Running 'tinytest.R' [1s]
    Running the tests in 'tests/tinytest.R' failed.
    Complete output:
     > if ( requireNamespace("tinytest", quietly=TRUE) ){
     + tinytest::test_package("stringdist")
     + }
     Loading required package: stringdist
    
     Running test_amatch.R................. 0 tests
     Running test_amatch.R................. 1 tests <1b>[0;32mOK<1b>[0m
     Running test_amatch.R................. 2 tests <1b>[0;32mOK<1b>[0m
     Running test_amatch.R................. 3 tests <1b>[0;32mOK<1b>[0m
     Running test_amatch.R................. 4 tests <1b>[0;32mOK<1b>[0m
     Running test_amatch.R................. 5 tests <1b>[0;32mOK<1b>[0m
     Running test_amatch.R................. 6 tests <1b>[0;32mOK<1b>[0m
     Running test_amatch.R................. 7 tests <1b>[0;32mOK<1b>[0m
     Running test_amatch.R................. 8 tests <1b>[0;32mOK<1b>[0m
     Running test_amatch.R................. 9 tests <1b>[0;32mOK<1b>[0m
     Running test_amatch.R................. 10 tests <1b>[0;32mOK<1b>[0m
     Running test_amatch.R................. 11 tests <1b>[0;32mOK<1b>[0m
     Running test_amatch.R................. 12 tests <1b>[0;32mOK<1b>[0m
     Running test_amatch.R................. 13 tests <1b>[0;32mOK<1b>[0m
     Running test_amatch.R................. 14 tests <1b>[0;32mOK<1b>[0m
     Running test_amatch.R................. 15 tests <1b>[0;32mOK<1b>[0m
     Running test_amatch.R................. 16 tests <1b>[0;32mOK<1b>[0m
     Running test_amatch.R................. 17 tests <1b>[0;32mOK<1b>[0m
     Running test_amatch.R................. 18 tests <1b>[0;32mOK<1b>[0m
     Running test_amatch.R................. 19 tests <1b>[0;32mOK<1b>[0m
     Running test_amatch.R................. 20 tests <1b>[0;32mOK<1b>[0m
     Running test_amatch.R................. 21 tests <1b>[0;32mOK<1b>[0m
     Running test_amatch.R................. 22 tests <1b>[0;32mOK<1b>[0m
     Running test_amatch.R................. 23 tests <1b>[0;32mOK<1b>[0m
     Running test_amatch.R................. 24 tests <1b>[0;32mOK<1b>[0m
     Running test_amatch.R................. 25 tests <1b>[0;32mOK<1b>[0m
     Running test_amatch.R................. 26 tests <1b>[0;32mOK<1b>[0m
     Running test_amatch.R................. 27 tests <1b>[0;32mOK<1b>[0m
     Running test_amatch.R................. 28 tests <1b>[0;32mOK<1b>[0m
     Running test_amatch.R................. 29 tests <1b>[0;32mOK<1b>[0m
     Running test_amatch.R................. 30 tests <1b>[0;32mOK<1b>[0m
     Running test_amatch.R................. 31 tests <1b>[0;32mOK<1b>[0m
     Running test_amatch.R................. 32 tests <1b>[0;32mOK<1b>[0m
     Running test_amatch.R................. 33 tests <1b>[0;32mOK<1b>[0m
     Running test_amatch.R................. 34 tests <1b>[0;32mOK<1b>[0m
     Running test_amatch.R................. 35 tests <1b>[0;32mOK<1b>[0m
     Running test_amatch.R................. 36 tests <1b>[0;32mOK<1b>[0m
     Running test_amatch.R................. 37 tests <1b>[0;32mOK<1b>[0m
     Running test_amatch.R................. 38 tests <1b>[0;32mOK<1b>[0m
     Running test_amatch.R................. 39 tests <1b>[0;32mOK<1b>[0m
     Running test_amatch.R................. 40 tests <1b>[0;32mOK<1b>[0m
     Running test_amatch.R................. 41 tests <1b>[0;32mOK<1b>[0m
     Running test_amatch.R................. 42 tests <1b>[0;32mOK<1b>[0m
     Running test_amatch.R................. 43 tests <1b>[0;32mOK<1b>[0m
     Running test_amatch.R................. 44 tests <1b>[0;32mOK<1b>[0m
     Running test_amatch.R................. 45 tests <1b>[0;32mOK<1b>[0m
     Running test_amatch.R................. 46 tests <1b>[0;32mOK<1b>[0m
     Running test_amatch.R................. 47 tests <1b>[0;32mOK<1b>[0m
     Running test_amatch.R................. 48 tests <1b>[0;32mOK<1b>[0m
     Running test_amatch.R................. 49 tests <1b>[0;32mOK<1b>[0m
     Running test_amatch.R................. 50 tests <1b>[0;32mOK<1b>[0m
     Running test_amatch.R................. 51 tests <1b>[0;32mOK<1b>[0m
     Running test_amatch.R................. 52 tests <1b>[0;32mOK<1b>[0m
     Running test_amatch.R................. 53 tests <1b>[0;32mOK<1b>[0m
     Running test_amatch.R................. 54 tests <1b>[0;32mOK<1b>[0m
     Running test_amatch.R................. 55 tests <1b>[0;32mOK<1b>[0m
     Running test_amatch.R................. 56 tests <1b>[0;32mOK<1b>[0m
     Running test_amatch.R................. 57 tests <1b>[0;32mOK<1b>[0m
     Running test_amatch.R................. 58 tests <1b>[0;32mOK<1b>[0m
     Running test_amatch.R................. 59 tests <1b>[0;32mOK<1b>[0m
     Running test_amatch.R................. 60 tests <1b>[0;32mOK<1b>[0m
     Running test_amatch.R................. 61 tests <1b>[0;32mOK<1b>[0m
     Running test_amatch.R................. 62 tests <1b>[0;32mOK<1b>[0m
     Running test_amatch.R................. 63 tests <1b>[0;32mOK<1b>[0m
     Running test_amatch.R................. 64 tests <1b>[0;32mOK<1b>[0m
     Running test_amatch.R................. 65 tests <1b>[0;32mOK<1b>[0m
     Running test_amatch.R................. 66 tests <1b>[0;32mOK<1b>[0m
     Running test_amatch.R................. 67 tests <1b>[0;32mOK<1b>[0m
     Running test_amatch.R................. 68 tests <1b>[0;32mOK<1b>[0m
     Running test_amatch.R................. 69 tests <1b>[0;32mOK<1b>[0m
     Running test_amatch.R................. 70 tests <1b>[0;32mOK<1b>[0m
     Running test_amatch.R................. 71 tests <1b>[0;32mOK<1b>[0m
     Running test_amatch.R................. 72 tests <1b>[0;32mOK<1b>[0m
     Running test_amatch.R................. 73 tests <1b>[0;32mOK<1b>[0m
     Running test_amatch.R................. 74 tests <1b>[0;32mOK<1b>[0m
     Running test_amatch.R................. 75 tests <1b>[0;32mOK<1b>[0m
     Running test_amatch.R................. 76 tests <1b>[0;32mOK<1b>[0m
     Running test_amatch.R................. 77 tests <1b>[0;32mOK<1b>[0m
     Running test_amatch.R................. 78 tests <1b>[0;32mOK<1b>[0m
     Running test_amatch.R................. 79 tests <1b>[0;32mOK<1b>[0m
     Running test_amatch.R................. 80 tests <1b>[0;32mOK<1b>[0m
     Running test_amatch.R................. 81 tests <1b>[0;32mOK<1b>[0m
     Running test_amatch.R................. 82 tests <1b>[0;32mOK<1b>[0m
     Running test_amatch.R................. 83 tests <1b>[0;32mOK<1b>[0m
     Running test_amatch.R................. 84 tests <1b>[0;32mOK<1b>[0m
     Running test_amatch.R................. 85 tests <1b>[0;32mOK<1b>[0m
     Running test_amatch.R................. 86 tests <1b>[0;32mOK<1b>[0m
     Running test_amatch.R................. 87 tests <1b>[0;32mOK<1b>[0m
     Running test_amatch.R................. 88 tests <1b>[0;32mOK<1b>[0m
     Running test_amatch.R................. 89 tests <1b>[0;32mOK<1b>[0m
     Running test_amatch.R................. 90 tests <1b>[0;32mOK<1b>[0m
     Running test_amatch.R................. 91 tests <1b>[0;32mOK<1b>[0m
     Running test_amatch.R................. 92 tests <1b>[0;32mOK<1b>[0m
     Running test_amatch.R................. 93 tests <1b>[0;32mOK<1b>[0m
     Running test_amatch.R................. 94 tests <1b>[0;32mOK<1b>[0m
     Running test_amatch.R................. 95 tests <1b>[0;32mOK<1b>[0m
     Running test_amatch.R................. 96 tests <1b>[0;32mOK<1b>[0m
     Running test_amatch.R................. 97 tests <1b>[0;32mOK<1b>[0m
     Running test_amatch.R................. 98 tests <1b>[0;32mOK<1b>[0m
     Running test_amatch.R................. 98 tests <1b>[0;32mOK<1b>[0m
     Running test_amatch.R................. 98 tests <1b>[0;32mOK<1b>[0m
     Running test_amatch.R................. 98 tests <1b>[0;32mOK<1b>[0m
     Running test_amatch.R................. 99 tests <1b>[0;32mOK<1b>[0m
     Running test_amatch.R................. 100 tests <1b>[0;32mOK<1b>[0m
     Running test_amatch.R................. 101 tests <1b>[0;32mOK<1b>[0m
     Running test_amatch.R................. 102 tests <1b>[0;32mOK<1b>[0m
     Running test_amatch.R................. 103 tests <1b>[0;32mOK<1b>[0m
     Running test_amatch.R................. 104 tests <1b>[0;32mOK<1b>[0m
     Running test_amatch.R................. 105 tests <1b>[0;32mOK<1b>[0m
     Running test_amatch.R................. 106 tests <1b>[0;32mOK<1b>[0m
     Running test_amatch.R................. 107 tests <1b>[0;32mOK<1b>[0m
     Running test_amatch.R................. 108 tests <1b>[0;32mOK<1b>[0m
     Running test_amatch.R................. 109 tests <1b>[0;32mOK<1b>[0m
     Running test_amatch.R................. 110 tests <1b>[0;32mOK<1b>[0m
     Running test_amatch.R................. 111 tests <1b>[0;32mOK<1b>[0m
     Running test_amatch.R................. 112 tests <1b>[0;32mOK<1b>[0m
     Running test_amatch.R................. 113 tests <1b>[0;32mOK<1b>[0m
     Running test_amatch.R................. 114 tests <1b>[0;32mOK<1b>[0m
     Running test_amatch.R................. 114 tests <1b>[0;32mOK<1b>[0m
     Running test_amatch.R................. 114 tests <1b>[0;32mOK<1b>[0m
     Running test_amatch.R................. 115 tests <1b>[0;32mOK<1b>[0m
     Running test_amatch.R................. 116 tests <1b>[0;32mOK<1b>[0m
     Running test_amatch.R................. 117 tests <1b>[0;32mOK<1b>[0m
     Running test_amatch.R................. 118 tests <1b>[0;32mOK<1b>[0m
    
     Running test_gh_issue_59.R............ 0 tests
    
     Running test_phonetic.R............... 0 tests
     Running test_phonetic.R............... 0 tests
     Running test_phonetic.R............... 0 tests
     Running test_phonetic.R............... 1 tests <1b>[0;32mOK<1b>[0m
     Running test_phonetic.R............... 2 tests <1b>[0;32mOK<1b>[0m
     Running test_phonetic.R............... 3 tests <1b>[0;32mOK<1b>[0m
     Running test_phonetic.R............... 3 tests <1b>[0;32mOK<1b>[0m
     Running test_phonetic.R............... 4 tests <1b>[0;32mOK<1b>[0m
     Running test_phonetic.R............... 5 tests <1b>[0;32mOK<1b>[0m
     Running test_phonetic.R............... 5 tests <1b>[0;32mOK<1b>[0m
     Running test_phonetic.R............... 6 tests <1b>[0;32mOK<1b>[0m
    
     Running test_qgrams.R................. 0 tests
     Running test_qgrams.R................. 1 tests <1b>[0;32mOK<1b>[0m
     Running test_qgrams.R................. 2 tests <1b>[0;32mOK<1b>[0m
     Running test_qgrams.R................. 3 tests <1b>[0;32mOK<1b>[0m
     Running test_qgrams.R................. 4 tests <1b>[0;32mOK<1b>[0m
     Running test_qgrams.R................. 5 tests <1b>[0;32mOK<1b>[0m
     Running test_qgrams.R................. 6 tests <1b>[0;32mOK<1b>[0m
     Running test_qgrams.R................. 7 tests <1b>[0;32mOK<1b>[0m
     Running test_qgrams.R................. 8 tests <1b>[0;32mOK<1b>[0m
     Running test_qgrams.R................. 9 tests <1b>[0;32mOK<1b>[0m
     Running test_qgrams.R................. 10 tests <1b>[0;32mOK<1b>[0m
     Running test_qgrams.R................. 11 tests <1b>[0;32mOK<1b>[0m
    
     Running test_seq_dist.R............... 0 tests
     Running test_seq_dist.R............... 1 tests <1b>[0;32mOK<1b>[0m
     Running test_seq_dist.R............... 2 tests <1b>[0;32mOK<1b>[0m
     Running test_seq_dist.R............... 3 tests <1b>[0;32mOK<1b>[0m
     Running test_seq_dist.R............... 4 tests <1b>[0;32mOK<1b>[0m
     Running test_seq_dist.R............... 5 tests <1b>[0;32mOK<1b>[0m
     Running test_seq_dist.R............... 6 tests <1b>[0;32mOK<1b>[0m
     Running test_seq_dist.R............... 7 tests <1b>[0;32mOK<1b>[0m
     Running test_seq_dist.R............... 8 tests <1b>[0;32mOK<1b>[0m
     Running test_seq_dist.R............... 9 tests <1b>[0;32mOK<1b>[0m
     Running test_seq_dist.R............... 10 tests <1b>[0;32mOK<1b>[0m
     Running test_seq_dist.R............... 11 tests <1b>[0;32mOK<1b>[0m
     Running test_seq_dist.R............... 12 tests <1b>[0;32mOK<1b>[0m
     Running test_seq_dist.R............... 13 tests <1b>[0;32mOK<1b>[0m
     Running test_seq_dist.R............... 14 tests <1b>[0;32mOK<1b>[0m
     Running test_seq_dist.R............... 15 tests <1b>[0;32mOK<1b>[0m
     Running test_seq_dist.R............... 16 tests <1b>[0;32mOK<1b>[0m
     Running test_seq_dist.R............... 17 tests <1b>[0;32mOK<1b>[0m
     Running test_seq_dist.R............... 18 tests <1b>[0;32mOK<1b>[0m
     Running test_seq_dist.R............... 19 tests <1b>[0;32mOK<1b>[0m
     Running test_seq_dist.R............... 20 tests <1b>[0;32mOK<1b>[0m
     Running test_seq_dist.R............... 21 tests <1b>[0;32mOK<1b>[0m
     Running test_seq_dist.R............... 22 tests <1b>[0;32mOK<1b>[0m
     Running test_seq_dist.R............... 23 tests <1b>[0;32mOK<1b>[0m
    
     Running test_stringdist.R............. 0 tests
     Running test_stringdist.R............. 1 tests <1b>[0;32mOK<1b>[0m
     Running test_stringdist.R............. 2 tests <1b>[0;32mOK<1b>[0m
     Running test_stringdist.R............. 3 tests <1b>[0;32mOK<1b>[0m
     Running test_stringdist.R............. 4 tests <1b>[0;32mOK<1b>[0m
     Running test_stringdist.R............. 5 tests <1b>[0;32mOK<1b>[0m
     Running test_stringdist.R............. 6 tests <1b>[0;32mOK<1b>[0m
     Running test_stringdist.R............. 7 tests <1b>[0;32mOK<1b>[0m
     Running test_stringdist.R............. 8 tests <1b>[0;32mOK<1b>[0m
     Running test_stringdist.R............. 9 tests <1b>[0;32mOK<1b>[0m
     Running test_stringdist.R............. 10 tests <1b>[0;32mOK<1b>[0m
     Running test_stringdist.R............. 11 tests <1b>[0;32mOK<1b>[0m
     Running test_stringdist.R............. 12 tests <1b>[0;32mOK<1b>[0m
     Running test_stringdist.R............. 13 tests <1b>[0;32mOK<1b>[0m
     Running test_stringdist.R............. 14 tests <1b>[0;32mOK<1b>[0m
     Running test_stringdist.R............. 15 tests <1b>[0;32mOK<1b>[0m
     Running test_stringdist.R............. 16 tests <1b>[0;32mOK<1b>[0m
     Running test_stringdist.R............. 17 tests <1b>[0;32mOK<1b>[0m
     Running test_stringdist.R............. 18 tests <1b>[0;32mOK<1b>[0m
     Running test_stringdist.R............. 19 tests <1b>[0;32mOK<1b>[0m
     Running test_stringdist.R............. 20 tests <1b>[0;32mOK<1b>[0m
     Running test_stringdist.R............. 21 tests <1b>[0;32mOK<1b>[0m
     Running test_stringdist.R............. 22 tests <1b>[0;32mOK<1b>[0m
     Running test_stringdist.R............. 23 tests <1b>[0;32mOK<1b>[0m
     Running test_stringdist.R............. 24 tests <1b>[0;32mOK<1b>[0m
     Running test_stringdist.R............. 25 tests <1b>[0;32mOK<1b>[0m
     Running test_stringdist.R............. 26 tests <1b>[0;32mOK<1b>[0m
     Running test_stringdist.R............. 27 tests <1b>[0;32mOK<1b>[0m
     Running test_stringdist.R............. 28 tests <1b>[0;32mOK<1b>[0m
     Running test_stringdist.R............. 29 tests <1b>[0;32mOK<1b>[0m
     Running test_stringdist.R............. 30 tests <1b>[0;32mOK<1b>[0m
     Running test_stringdist.R............. 31 tests <1b>[0;32mOK<1b>[0m
     Running test_stringdist.R............. 32 tests <1b>[0;32mOK<1b>[0m
     Running test_stringdist.R............. 33 tests <1b>[0;32mOK<1b>[0m
     Running test_stringdist.R............. 34 tests <1b>[0;32mOK<1b>[0m
     Running test_stringdist.R............. 35 tests <1b>[0;32mOK<1b>[0m
     Running test_stringdist.R............. 36 tests <1b>[0;32mOK<1b>[0m
     Running test_stringdist.R............. 37 tests <1b>[0;32mOK<1b>[0m
     Running test_stringdist.R............. 38 tests <1b>[0;32mOK<1b>[0m
     Running test_stringdist.R............. 39 tests <1b>[0;32mOK<1b>[0m
     Running test_stringdist.R............. 40 tests <1b>[0;32mOK<1b>[0m
     Running test_stringdist.R............. 41 tests <1b>[0;32mOK<1b>[0m
     Running test_stringdist.R............. 42 tests <1b>[0;32mOK<1b>[0m
     Running test_stringdist.R............. 43 tests <1b>[0;32mOK<1b>[0m
     Running test_stringdist.R............. 44 tests <1b>[0;32mOK<1b>[0m
     Running test_stringdist.R............. 45 tests <1b>[0;32mOK<1b>[0m
     Running test_stringdist.R............. 46 tests <1b>[0;32mOK<1b>[0m
     Running test_stringdist.R............. 47 tests <1b>[0;32mOK<1b>[0m
     Running test_stringdist.R............. 48 tests <1b>[0;32mOK<1b>[0m
     Running test_stringdist.R............. 49 tests <1b>[0;32mOK<1b>[0m
     Running test_stringdist.R............. 50 tests <1b>[0;32mOK<1b>[0m
     Running test_stringdist.R............. 51 tests <1b>[0;32mOK<1b>[0m
     Running test_stringdist.R............. 52 tests <1b>[0;32mOK<1b>[0m
     Running test_stringdist.R............. 53 tests <1b>[0;32mOK<1b>[0m
     Running test_stringdist.R............. 54 tests <1b>[0;32mOK<1b>[0m
     Running test_stringdist.R............. 55 tests <1b>[0;32mOK<1b>[0m
     Running test_stringdist.R............. 56 tests <1b>[0;32mOK<1b>[0m
     Running test_stringdist.R............. 57 tests <1b>[0;32mOK<1b>[0m
     Running test_stringdist.R............. 58 tests <1b>[0;32mOK<1b>[0m
     Running test_stringdist.R............. 59 tests <1b>[0;32mOK<1b>[0m
     Running test_stringdist.R............. 60 tests <1b>[0;32mOK<1b>[0m
     Running test_stringdist.R............. 61 tests <1b>[0;32mOK<1b>[0m
     Running test_stringdist.R............. 62 tests <1b>[0;32mOK<1b>[0m
     Running test_stringdist.R............. 63 tests <1b>[0;32mOK<1b>[0m
     Running test_stringdist.R............. 64 tests <1b>[0;32mOK<1b>[0m
     Running test_stringdist.R............. 65 tests <1b>[0;32mOK<1b>[0m
     Running test_stringdist.R............. 66 tests <1b>[0;32mOK<1b>[0m
     Running test_stringdist.R............. 67 tests <1b>[0;32mOK<1b>[0m
     Running test_stringdist.R............. 68 tests <1b>[0;32mOK<1b>[0m
     Running test_stringdist.R............. 69 tests <1b>[0;32mOK<1b>[0m
     Running test_stringdist.R............. 70 tests <1b>[0;32mOK<1b>[0m
     Running test_stringdist.R............. 71 tests <1b>[0;32mOK<1b>[0m
     Running test_stringdist.R............. 72 tests <1b>[0;32mOK<1b>[0m
     Running test_stringdist.R............. 73 tests <1b>[0;32mOK<1b>[0m
     Running test_stringdist.R............. 74 tests <1b>[0;32mOK<1b>[0m
     Running test_stringdist.R............. 75 tests <1b>[0;32mOK<1b>[0m
     Running test_stringdist.R............. 76 tests <1b>[0;32mOK<1b>[0m
     Running test_stringdist.R............. 77 tests <1b>[0;32mOK<1b>[0m
     Running test_stringdist.R............. 78 tests <1b>[0;32mOK<1b>[0m
     Running test_stringdist.R............. 79 tests <1b>[0;32mOK<1b>[0m
     Running test_stringdist.R............. 80 tests <1b>[0;32mOK<1b>[0m
     Running test_stringdist.R............. 81 tests <1b>[0;32mOK<1b>[0m
     Running test_stringdist.R............. 82 tests <1b>[0;32mOK<1b>[0m
     Running test_stringdist.R............. 83 tests <1b>[0;32mOK<1b>[0m
     Running test_stringdist.R............. 84 tests <1b>[0;32mOK<1b>[0m
     Running test_stringdist.R............. 85 tests <1b>[0;32mOK<1b>[0m
     Running test_stringdist.R............. 86 tests <1b>[0;32mOK<1b>[0m
     Running test_stringdist.R............. 87 tests <1b>[0;32mOK<1b>[0m
     Running test_stringdist.R............. 88 tests <1b>[0;32mOK<1b>[0m
     Running test_stringdist.R............. 89 tests <1b>[0;32mOK<1b>[0m
     Running test_stringdist.R............. 90 tests <1b>[0;32mOK<1b>[0m
     Running test_stringdist.R............. 91 tests <1b>[0;32mOK<1b>[0m
     Running test_stringdist.R............. 92 tests <1b>[0;32mOK<1b>[0m
     Running test_stringdist.R............. 93 tests <1b>[0;32mOK<1b>[0m
     Running test_stringdist.R............. 94 tests <1b>[0;32mOK<1b>[0m
     Running test_stringdist.R............. 95 tests <1b>[0;32mOK<1b>[0m
     Running test_stringdist.R............. 96 tests <1b>[0;32mOK<1b>[0m
     Running test_stringdist.R............. 97 tests <1b>[0;32mOK<1b>[0m
     Running test_stringdist.R............. 98 tests <1b>[0;32mOK<1b>[0m
     Running test_stringdist.R............. 99 tests <1b>[0;32mOK<1b>[0m
     Running test_stringdist.R............. 100 tests <1b>[0;32mOK<1b>[0m
     Running test_stringdist.R............. 101 tests <1b>[0;32mOK<1b>[0m
     Running test_stringdist.R............. 102 tests <1b>[0;32mOK<1b>[0m
     Running test_stringdist.R............. 102 tests <1b>[0;32mOK<1b>[0m
     Running test_stringdist.R............. 103 tests <1b>[0;32mOK<1b>[0m
     Running test_stringdist.R............. 104 tests <1b>[0;32mOK<1b>[0m
     Running test_stringdist.R............. 105 tests <1b>[0;32mOK<1b>[0m
     Running test_stringdist.R............. 106 tests <1b>[0;32mOK<1b>[0m
     Running test_stringdist.R............. 107 tests <1b>[0;32mOK<1b>[0m
     Running test_stringdist.R............. 108 tests <1b>[0;32mOK<1b>[0m
     Running test_stringdist.R............. 109 tests <1b>[0;32mOK<1b>[0m
     Running test_stringdist.R............. 110 tests <1b>[0;32mOK<1b>[0m
     Running test_stringdist.R............. 111 tests <1b>[0;32mOK<1b>[0m
     Running test_stringdist.R............. 112 tests <1b>[0;32mOK<1b>[0m
     Running test_stringdist.R............. 113 tests <1b>[0;32mOK<1b>[0m
     Running test_stringdist.R............. 114 tests <1b>[0;32mOK<1b>[0m
     Running test_stringdist.R............. 115 tests <1b>[0;32mOK<1b>[0m
     Running test_stringdist.R............. 116 tests <1b>[0;32mOK<1b>[0m
     Running test_stringdist.R............. 117 tests <1b>[0;32mOK<1b>[0m
     Running test_stringdist.R............. 118 tests <1b>[0;32mOK<1b>[0m
     Running test_stringdist.R............. 119 tests <1b>[0;32mOK<1b>[0m
     Running test_stringdist.R............. 120 tests <1b>[0;32mOK<1b>[0m
     Running test_stringdist.R............. 121 tests <1b>[0;32mOK<1b>[0m
     Running test_stringdist.R............. 122 tests <1b>[0;32mOK<1b>[0m
     Running test_stringdist.R............. 123 tests <1b>[0;32mOK<1b>[0m
     Running test_stringdist.R............. 124 tests <1b>[0;32mOK<1b>[0m
     Running test_stringdist.R............. 125 tests <1b>[0;32mOK<1b>[0m
     Running test_stringdist.R............. 126 tests <1b>[0;32mOK<1b>[0m
     Running test_stringdist.R............. 127 tests <1b>[0;32mOK<1b>[0m
     Running test_stringdist.R............. 128 tests <1b>[0;32mOK<1b>[0m
     Running test_stringdist.R............. 129 tests <1b>[0;32mOK<1b>[0m
     Running test_stringdist.R............. 130 tests <1b>[0;32mOK<1b>[0m
     Running test_stringdist.R............. 131 tests <1b>[0;32mOK<1b>[0m
     Running test_stringdist.R............. 132 tests <1b>[0;32mOK<1b>[0m
     Running test_stringdist.R............. 133 tests <1b>[0;32mOK<1b>[0m
     Running test_stringdist.R............. 134 tests <1b>[0;32mOK<1b>[0m
     Running test_stringdist.R............. 135 tests <1b>[0;32mOK<1b>[0m
     Running test_stringdist.R............. 136 tests <1b>[0;32mOK<1b>[0m
     Running test_stringdist.R............. 137 tests <1b>[0;32mOK<1b>[0m
     Running test_stringdist.R............. 138 tests <1b>[0;32mOK<1b>[0m
     Running test_stringdist.R............. 139 tests <1b>[0;32mOK<1b>[0m
     Running test_stringdist.R............. 140 tests <1b>[0;32mOK<1b>[0m
     Running test_stringdist.R............. 141 tests <1b>[0;32mOK<1b>[0m
     Running test_stringdist.R............. 142 tests <1b>[0;32mOK<1b>[0m
     Running test_stringdist.R............. 143 tests <1b>[0;32mOK<1b>[0m
     Running test_stringdist.R............. 143 tests <1b>[0;32mOK<1b>[0m
     Running test_stringdist.R............. 143 tests <1b>[0;32mOK<1b>[0m
     Running test_stringdist.R............. 143 tests <1b>[0;32mOK<1b>[0m
     Running test_stringdist.R............. 143 tests <1b>[0;32mOK<1b>[0m
     Running test_stringdist.R............. 143 tests <1b>[0;32mOK<1b>[0m
     Running test_stringdist.R............. 143 tests <1b>[0;32mOK<1b>[0m
     Running test_stringdist.R............. 143 tests <1b>[0;32mOK<1b>[0m
     Running test_stringdist.R............. 144 tests <1b>[0;32mOK<1b>[0m
     Running test_stringdist.R............. 144 tests <1b>[0;32mOK<1b>[0m
     Running test_stringdist.R............. 144 tests <1b>[0;32mOK<1b>[0m
     Running test_stringdist.R............. 144 tests <1b>[0;32mOK<1b>[0m
     Running test_stringdist.R............. 145 tests <1b>[0;32mOK<1b>[0m
     Running test_stringdist.R............. 145 tests <1b>[0;32mOK<1b>[0m
     Running test_stringdist.R............. 145 tests <1b>[0;32mOK<1b>[0m
     Running test_stringdist.R............. 146 tests <1b>[0;32mOK<1b>[0m
     Running test_stringdist.R............. 147 tests <1b>[0;32mOK<1b>[0m
     Running test_stringdist.R............. 148 tests <1b>[0;32mOK<1b>[0m
     Running test_stringdist.R............. 148 tests <1b>[0;32mOK<1b>[0m
     Running test_stringdist.R............. 149 tests <1b>[0;32mOK<1b>[0m
     Running test_stringdist.R............. 150 tests <1b>[0;32mOK<1b>[0m
     Running test_stringdist.R............. 150 tests <1b>[0;32mOK<1b>[0m
     Running test_stringdist.R............. 151 tests <1b>[0;32mOK<1b>[0m
     Running test_stringdist.R............. 151 tests <1b>[0;32mOK<1b>[0m
     Running test_stringdist.R............. 152 tests <1b>[0;32mOK<1b>[0m
     Running test_stringdist.R............. 153 tests <1b>[0;32mOK<1b>[0m
     Running test_stringdist.R............. 154 tests <1b>[0;32mOK<1b>[0m
     Running test_stringdist.R............. 155 tests <1b>[0;32mOK<1b>[0m
     Running test_stringdist.R............. 156 tests <1b>[0;32mOK<1b>[0m
     Running test_stringdist.R............. 156 tests <1b>[0;32mOK<1b>[0m
     Running test_stringdist.R............. 157 tests <1b>[0;32mOK<1b>[0m
     Running test_stringdist.R............. 158 tests <1b>[0;32mOK<1b>[0m
     Running test_stringdist.R............. 159 tests <1b>[0;32mOK<1b>[0m
     Running test_stringdist.R............. 160 tests <1b>[0;32mOK<1b>[0m
     Running test_stringdist.R............. 161 tests <1b>[0;32mOK<1b>[0m
     Running test_stringdist.R............. 161 tests <1b>[0;32mOK<1b>[0m
     Running test_stringdist.R............. 161 tests <1b>[0;32mOK<1b>[0m
     Running test_stringdist.R............. 161 tests <1b>[0;32mOK<1b>[0m
     Running test_stringdist.R............. 162 tests <1b>[0;32mOK<1b>[0m
     Running test_stringdist.R............. 163 tests <1b>[0;32mOK<1b>[0m
     Running test_stringdist.R............. 164 tests <1b>[0;32mOK<1b>[0m
     Running test_stringdist.R............. 165 tests <1b>[0;32mOK<1b>[0m
     Running test_stringdist.R............. 166 tests <1b>[0;32mOK<1b>[0m
     Running test_stringdist.R............. 167 tests <1b>[0;32mOK<1b>[0m
     Running test_stringdist.R............. 168 tests <1b>[0;32mOK<1b>[0m
     Running test_stringdist.R............. 168 tests <1b>[0;32mOK<1b>[0m
     Running test_stringdist.R............. 168 tests <1b>[0;32mOK<1b>[0m
     Running test_stringdist.R............. 169 tests <1b>[0;32mOK<1b>[0m
     Running test_stringdist.R............. 170 tests <1b>[0;32mOK<1b>[0m
     Running test_stringdist.R............. 171 tests <1b>[0;32mOK<1b>[0m
     Running test_stringdist.R............. 172 tests <1b>[0;32mOK<1b>[0m
     Running test_stringdist.R............. 173 tests <1b>[0;32mOK<1b>[0m
     Running test_stringdist.R............. 174 tests <1b>[0;32mOK<1b>[0m
     Running test_stringdist.R............. 175 tests <1b>[0;32mOK<1b>[0m
     Running test_stringdist.R............. 176 tests <1b>[0;32mOK<1b>[0m
     Running test_stringdist.R............. 177 tests <1b>[0;32mOK<1b>[0m
     Running test_stringdist.R............. 178 tests <1b>[0;32mOK<1b>[0m
     Running test_stringdist.R............. 179 tests <1b>[0;32mOK<1b>[0m
     Running test_stringdist.R............. 180 tests <1b>[0;32mOK<1b>[0m
     Running test_stringdist.R............. 181 tests <1b>[0;32mOK<1b>[0m
     Running test_stringdist.R............. 182 tests <1b>[0;32mOK<1b>[0m
     Running test_stringdist.R............. 183 tests <1b>[0;32mOK<1b>[0m
     Running test_stringdist.R............. 184 tests <1b>[0;32mOK<1b>[0m
     Running test_stringdist.R............. 185 tests <1b>[0;32mOK<1b>[0m
     Running test_stringdist.R............. 186 tests <1b>[0;32mOK<1b>[0m
     Running test_stringdist.R............. 187 tests <1b>[0;32mOK<1b>[0m
     Running test_stringdist.R............. 187 tests <1b>[0;32mOK<1b>[0m
     Running test_stringdist.R............. 187 tests <1b>[0;32mOK<1b>[0m
     Running test_stringdist.R............. 188 tests <1b>[0;32mOK<1b>[0m
     Running test_stringdist.R............. 189 tests <1b>[0;32mOK<1b>[0m
     Running test_stringdist.R............. 190 tests <1b>[0;32mOK<1b>[0m
     Running test_stringdist.R............. 191 tests <1b>[0;32mOK<1b>[0m
     Running test_stringdist.R............. 192 tests <1b>[0;32mOK<1b>[0m
     Running test_stringdist.R............. 193 tests <1b>[0;32mOK<1b>[0m
     Running test_stringdist.R............. 193 tests <1b>[0;32mOK<1b>[0m
     Running test_stringdist.R............. 193 tests <1b>[0;32mOK<1b>[0m
     Running test_stringdist.R............. 193 tests <1b>[0;32mOK<1b>[0m
     Running test_stringdist.R............. 193 tests <1b>[0;32mOK<1b>[0m
     Running test_stringdist.R............. 194 tests <1b>[0;32mOK<1b>[0m
     Running test_stringdist.R............. 195 tests <1b>[0;32mOK<1b>[0m
     Running test_stringdist.R............. 196 tests <1b>[0;32mOK<1b>[0m
     Running test_stringdist.R............. 197 tests <1b>[0;32mOK<1b>[0m
     Running test_stringdist.R............. 198 tests <1b>[0;32mOK<1b>[0m
     Running test_stringdist.R............. 199 tests <1b>[0;32mOK<1b>[0m
     Running test_stringdist.R............. 200 tests <1b>[0;32mOK<1b>[0m
    
     Running test_stringsim.R.............. 0 tests
     Running test_stringsim.R.............. 0 tests
     Running test_stringsim.R.............. 20 tests <1b>[0;32mOK<1b>[0m
     Running test_stringsim.R.............. 34 tests <1b>[0;32mOK<1b>[0m
     Running test_stringsim.R.............. 40 tests <1b>[0;32mOK<1b>[0m
     Running test_stringsim.R.............. 40 tests <1b>[0;32mOK<1b>[0m
     Running test_stringsim.R.............. 40 tests <1b>[0;32mOK<1b>[0m
     Running test_stringsim.R.............. 41 tests <1b>[0;32mOK<1b>[0m
     Running test_stringsim.R.............. 42 tests <1b>[0;32mOK<1b>[0m
     Running test_stringsim.R.............. 43 tests <1b>[0;32mOK<1b>[0m
     Running test_stringsim.R.............. 44 tests <1b>[0;32mOK<1b>[0m
     Running test_stringsim.R.............. 45 tests <1b>[0;32mOK<1b>[0m
     Running test_stringsim.R.............. 46 tests <1b>[0;32mOK<1b>[0m
     Running test_stringsim.R.............. 47 tests <1b>[0;32mOK<1b>[0m
     Running test_stringsim.R.............. 48 tests <1b>[0;32mOK<1b>[0m
     Running test_stringsim.R.............. 49 tests <1b>[0;32mOK<1b>[0m
     Running test_stringsim.R.............. 50 tests <1b>[0;32mOK<1b>[0m
     Running test_stringsim.R.............. 51 tests <1b>[0;32mOK<1b>[0m
     Running test_stringsim.R.............. 52 tests <1b>[0;32mOK<1b>[0m
     Running test_stringsim.R.............. 53 tests <1b>[0;32mOK<1b>[0m
     Running test_stringsim.R.............. 54 tests <1b>[0;32mOK<1b>[0m
     Running test_stringsim.R.............. 55 tests <1b>[0;32mOK<1b>[0m
     Running test_stringsim.R.............. 56 tests <1b>[0;32mOK<1b>[0m
     Running test_stringsim.R.............. 57 tests <1b>[0;32mOK<1b>[0m
     Running test_stringsim.R.............. 58 tests <1b>[0;32mOK<1b>[0m
     Running test_stringsim.R.............. 59 tests <1b>[0;31m1 errors<1b>[0m
     Error: ----- FAILED[data]: test_stringsim.R<56--59>
     call| expect_equal(current = seq_sim(list(1:3, 2:4), list(1:3)), target = stringsim(c("abc",
     call| "bcd"), "abc"))
     diff| Mean relative difference: 2
     Execution halted
Flavor: r-devel-windows-ix86+x86_64