CRAN Package Check Results for Package stringr

Last updated on 2020-01-17 22:51:07 CET.

Flavor Version Tinstall Tcheck Ttotal Status Flags
r-devel-linux-x86_64-debian-clang 1.4.0 2.94 34.75 37.69 OK
r-devel-linux-x86_64-debian-gcc 1.4.0 2.41 27.05 29.46 OK
r-devel-linux-x86_64-fedora-clang 1.4.0 48.85 NOTE
r-devel-linux-x86_64-fedora-gcc 1.4.0 47.18 NOTE
r-devel-windows-ix86+x86_64 1.4.0 11.00 67.00 78.00 OK
r-devel-windows-ix86+x86_64-gcc8 1.4.0 7.00 61.00 68.00 OK
r-patched-linux-x86_64 1.4.0 2.58 31.30 33.88 OK
r-patched-solaris-x86 1.4.0 68.00 NOTE
r-release-linux-x86_64 1.4.0 2.51 31.45 33.96 OK
r-release-windows-ix86+x86_64 1.4.0 12.00 71.00 83.00 OK
r-release-osx-x86_64 1.4.0 NOTE
r-oldrel-windows-ix86+x86_64 1.4.0 9.00 64.00 73.00 OK
r-oldrel-osx-x86_64 1.4.0 NOTE

Check Details

Version: 1.4.0
Check: data for non-ASCII characters
Result: NOTE
     Note: found 3 marked UTF-8 strings
Flavors: r-devel-linux-x86_64-fedora-clang, r-devel-linux-x86_64-fedora-gcc, r-patched-solaris-x86, r-release-osx-x86_64, r-oldrel-osx-x86_64