CRAN Package Check Results for Package strip

Last updated on 2021-05-06 22:55:37 CEST.

Flavor Version Tinstall Tcheck Ttotal Status Flags
r-devel-linux-x86_64-debian-clang 1.0.0 2.59 41.85 44.44 NOTE
r-devel-linux-x86_64-debian-gcc 1.0.0 1.77 32.20 33.97 NOTE
r-devel-linux-x86_64-fedora-clang 1.0.0 64.83 NOTE
r-devel-linux-x86_64-fedora-gcc 1.0.0 52.67 NOTE
r-devel-windows-ix86+x86_64 1.0.0 4.00 62.00 66.00 NOTE
r-devel-windows-x86_64-gcc10-UCRT 1.0.0 NOTE
r-patched-linux-x86_64 1.0.0 2.68 40.54 43.22 NOTE
r-patched-solaris-x86 1.0.0 88.00 OK
r-release-linux-x86_64 1.0.0 2.50 39.13 41.63 OK
r-release-macos-x86_64 1.0.0 OK
r-release-windows-ix86+x86_64 1.0.0 5.00 50.00 55.00 OK
r-oldrel-macos-x86_64 1.0.0 OK
r-oldrel-windows-ix86+x86_64 1.0.0 5.00 55.00 60.00 OK

Check Details

Version: 1.0.0
Check: LazyData
Result: NOTE
     'LazyData' is specified without a 'data' directory
Flavors: r-devel-linux-x86_64-debian-clang, r-devel-linux-x86_64-debian-gcc, r-devel-linux-x86_64-fedora-clang, r-devel-linux-x86_64-fedora-gcc, r-devel-windows-ix86+x86_64, r-devel-windows-x86_64-gcc10-UCRT, r-patched-linux-x86_64