Last updated on 2024-04-17 23:00:12 CEST.
Flavor | Version | Tinstall | Tcheck | Ttotal | Status | Flags |
---|---|---|---|---|---|---|
r-devel-linux-x86_64-debian-clang | 2.4.1 | 97.52 | 492.51 | 590.03 | NOTE | |
r-devel-linux-x86_64-debian-gcc | 2.4.1 | 61.11 | 340.09 | 401.20 | NOTE | |
r-devel-linux-x86_64-fedora-clang | 2.4.1 | 709.54 | NOTE | |||
r-devel-linux-x86_64-fedora-gcc | 2.4.1 | 669.76 | NOTE | |||
r-prerel-macos-arm64 | 2.4.1 | 308.00 | NOTE | |||
r-prerel-windows-x86_64 | 2.4.1 | 45.00 | 274.00 | 319.00 | NOTE | |
r-patched-linux-x86_64 | 2.4.1 | 94.43 | 462.39 | 556.82 | NOTE | |
r-release-linux-x86_64 | 2.4.1 | 42.27 | 401.06 | 443.33 | OK | |
r-release-macos-arm64 | 2.4.1 | 123.00 | OK | |||
r-release-macos-x86_64 | 2.4.1 | 348.00 | OK | |||
r-release-windows-x86_64 | 2.4.1 | 63.00 | 351.00 | 414.00 | OK | |
r-oldrel-macos-arm64 | 2.4.1 | 333.00 | OK | |||
r-oldrel-windows-x86_64 | 2.4.1 | 59.00 | 318.00 | 377.00 | OK |
Version: 2.4.1
Check: Rd files
Result: NOTE
checkRd: (-1) calculateStatistics.Rd:22: Lost braces; missing escapes or markup?
22 | \item{quant}{numeric quantile to calculate {0,1}, default 0.95.}
| ^
Flavors: r-devel-linux-x86_64-debian-clang, r-devel-linux-x86_64-debian-gcc, r-devel-linux-x86_64-fedora-clang, r-devel-linux-x86_64-fedora-gcc, r-prerel-macos-arm64, r-prerel-windows-x86_64, r-patched-linux-x86_64