CRAN Package Check Results for Package studentlife

Last updated on 2021-11-29 22:59:26 CET.

Flavor Version Tinstall Tcheck Ttotal Status Flags
r-devel-linux-x86_64-debian-clang 1.1.0 3.28 35.98 39.26 OK
r-devel-linux-x86_64-debian-gcc 1.1.0 2.51 28.15 30.66 OK
r-devel-linux-x86_64-fedora-clang 1.1.0 57.52 OK
r-devel-linux-x86_64-fedora-gcc 1.1.0 45.90 OK
r-devel-windows-x86_64-new-UL 1.1.0 11.00 226.00 237.00 OK
r-devel-windows-x86_64-new-TK 1.1.0 OK
r-devel-windows-x86_64-old 1.1.0 7.00 52.00 59.00 OK
r-patched-linux-x86_64 1.1.0 3.18 34.17 37.35 OK
r-patched-solaris-x86 1.1.0 66.30 OK
r-release-linux-x86_64 1.1.0 2.79 34.40 37.19 OK
r-release-macos-arm64 1.1.0 OK
r-release-macos-x86_64 1.1.0 OK
r-release-windows-ix86+x86_64 1.1.0 16.00 37.00 53.00 ERROR
r-oldrel-macos-x86_64 1.1.0 OK
r-oldrel-windows-ix86+x86_64 1.1.0 6.00 46.00 52.00 OK

Check Details

Version: 1.1.0
Check: examples
Result: ERROR
    Running examples in 'studentlife-Ex.R' failed
    The error most likely occurred in:
    
    > ### Name: PAM_categorise
    > ### Title: PAM_categorise
    > ### Aliases: PAM_categorise
    >
    > ### ** Examples
    >
    > d <- tempdir()
    > download_studentlife(location = d, url = "testdata")
    Downloading the small sample dataset...
    trying URL 'https://raw.githubusercontent.com/frycast/studentlife/master/tests/testthat/testdata/sample/sample_dataset.tar.bz2'
    Warning in utils::download.file(url = url, destfile = p, cacheOK = FALSE) :
     InternetOpenUrl failed: 'Die Serververbindung wurde zur├╝ckgesetzt.'
    Error in utils::download.file(url = url, destfile = p, cacheOK = FALSE) :
     cannot open URL 'https://raw.githubusercontent.com/frycast/studentlife/master/tests/testthat/testdata/sample/sample_dataset.tar.bz2'
    Calls: download_studentlife -> <Anonymous>
    Execution halted
Flavor: r-release-windows-ix86+x86_64