Last updated on 2024-04-22 23:10:06 CEST.
Flavor | Version | Tinstall | Tcheck | Ttotal | Status | Flags |
---|---|---|---|---|---|---|
r-devel-linux-x86_64-debian-clang | 0.1.0 | 15.66 | 277.40 | 293.06 | OK | |
r-devel-linux-x86_64-debian-gcc | 0.1.0 | 10.73 | 210.24 | 220.97 | OK | |
r-devel-linux-x86_64-fedora-clang | 0.1.0 | 357.94 | OK | |||
r-devel-linux-x86_64-fedora-gcc | 0.1.0 | 360.20 | OK | |||
r-prerel-macos-arm64 | 0.1.0 | 107.00 | OK | |||
r-prerel-windows-x86_64 | 0.1.0 | 15.00 | 233.00 | 248.00 | OK | |
r-patched-linux-x86_64 | 0.1.0 | 13.07 | 272.53 | 285.60 | OK | |
r-release-linux-x86_64 | 0.1.0 | 10.11 | 267.62 | 277.73 | OK | |
r-release-macos-arm64 | 0.1.0 | 103.00 | NOTE | |||
r-release-macos-x86_64 | 0.1.0 | 174.00 | NOTE | |||
r-release-windows-x86_64 | 0.1.0 | 19.00 | 297.00 | 316.00 | OK | |
r-oldrel-macos-arm64 | 0.1.0 | 86.00 | NOTE | |||
r-oldrel-windows-x86_64 | 0.1.0 | 20.00 | 291.00 | 311.00 | OK |
Version: 0.1.0
Check: installed package size
Result: NOTE
installed size is 5.1Mb
sub-directories of 1Mb or more:
data 3.1Mb
doc 1.3Mb
Flavors: r-release-macos-arm64, r-release-macos-x86_64, r-oldrel-macos-arm64