CRAN Package Check Results for Package subformula

Last updated on 2024-05-25 21:57:13 CEST.

Flavor Version Tinstall Tcheck Ttotal Status Flags
r-devel-linux-x86_64-debian-clang 0.1.0 2.08 24.49 26.57 NOTE
r-devel-linux-x86_64-debian-gcc 0.1.0 1.56 19.63 21.19 NOTE
r-devel-linux-x86_64-fedora-clang 0.1.0 36.39 NOTE
r-devel-linux-x86_64-fedora-gcc 0.1.0 46.96 NOTE
r-devel-windows-x86_64 0.1.0 3.00 41.00 44.00 NOTE
r-patched-linux-x86_64 0.1.0 1.89 25.05 26.94 NOTE
r-release-linux-x86_64 0.1.0 1.78 24.72 26.50 NOTE
r-release-macos-arm64 0.1.0 21.00 NOTE
r-release-windows-x86_64 0.1.0 3.00 41.00 44.00 NOTE
r-oldrel-macos-arm64 0.1.0 21.00 NOTE
r-oldrel-macos-x86_64 0.1.0 30.00 NOTE
r-oldrel-windows-x86_64 0.1.0 3.00 43.00 46.00 NOTE

Check Details

Version: 0.1.0
Check: LazyData
Result: NOTE 'LazyData' is specified without a 'data' directory Flavors: r-devel-linux-x86_64-debian-clang, r-devel-linux-x86_64-debian-gcc, r-devel-linux-x86_64-fedora-clang, r-devel-linux-x86_64-fedora-gcc, r-devel-windows-x86_64, r-patched-linux-x86_64, r-release-linux-x86_64, r-release-macos-arm64, r-release-windows-x86_64, r-oldrel-macos-arm64, r-oldrel-macos-x86_64, r-oldrel-windows-x86_64