CRAN Package Check Results for Package summarytools

Last updated on 2024-03-02 22:42:08 CET.

Flavor Version Tinstall Tcheck Ttotal Status Flags
r-devel-linux-x86_64-debian-clang 1.0.1 22.42 140.32 162.74 OK
r-devel-linux-x86_64-debian-gcc 1.0.1 17.29 101.98 119.27 OK
r-devel-linux-x86_64-fedora-clang 1.0.1 201.95 NOTE
r-devel-linux-x86_64-fedora-gcc 1.0.1 185.89 NOTE
r-devel-windows-x86_64 1.0.1 16.00 106.00 122.00 OK
r-patched-linux-x86_64 1.0.1 12.83 125.81 138.64 OK
r-release-linux-x86_64 1.0.1 20.71 124.82 145.53 OK
r-release-macos-arm64 1.0.1 57.00 OK
r-release-macos-x86_64 1.0.1 107.00 OK
r-release-windows-x86_64 1.0.1 23.00 130.00 153.00 OK
r-oldrel-macos-arm64 1.0.1 72.00 NOTE
r-oldrel-windows-x86_64 1.0.1 19.00 126.00 145.00 OK

Check Details

Version: 1.0.1
Check: data for non-ASCII characters
Result: NOTE Note: found 78 marked UTF-8 strings Flavors: r-devel-linux-x86_64-fedora-clang, r-devel-linux-x86_64-fedora-gcc, r-oldrel-macos-arm64