CRAN Package Check Results for Package superMICE

Last updated on 2022-10-06 22:58:55 CEST.

Flavor Version Tinstall Tcheck Ttotal Status Flags
r-devel-linux-x86_64-debian-clang 1.1.1 6.68 61.15 67.83 NOTE
r-devel-linux-x86_64-debian-gcc 1.1.1 4.74 44.76 49.50 NOTE
r-devel-linux-x86_64-fedora-clang 1.1.1 99.90 NOTE
r-devel-linux-x86_64-fedora-gcc 1.1.1 90.20 NOTE
r-devel-windows-x86_64 1.1.1 21.00 85.00 106.00 OK
r-patched-linux-x86_64 1.1.1 10.65 57.69 68.34 NOTE
r-release-linux-x86_64 1.1.1 4.62 55.34 59.96 NOTE
r-release-macos-arm64 1.1.1 27.00 OK
r-release-macos-x86_64 1.1.1 37.00 OK
r-release-windows-x86_64 1.1.1 15.00 84.00 99.00 OK
r-oldrel-macos-arm64 1.1.1 30.00 OK
r-oldrel-macos-x86_64 1.1.1 35.00 OK
r-oldrel-windows-ix86+x86_64 1.1.1 17.00 83.00 100.00 OK

Check Details

Version: 1.1.1
Check: package dependencies
Result: NOTE
    Package suggested but not available for checking: 'extraTrees'
Flavors: r-devel-linux-x86_64-debian-clang, r-devel-linux-x86_64-debian-gcc, r-devel-linux-x86_64-fedora-clang, r-devel-linux-x86_64-fedora-gcc, r-patched-linux-x86_64, r-release-linux-x86_64