CRAN Package Check Results for Package superb

Last updated on 2021-07-29 22:56:22 CEST.

Flavor Version Tinstall Tcheck Ttotal Status Flags
r-devel-linux-x86_64-debian-clang 0.9.7.5 OK
r-devel-linux-x86_64-debian-gcc 0.9.7.5 8.47 206.36 214.83 OK
r-devel-linux-x86_64-fedora-clang 0.9.7.5 229.78 NOTE
r-devel-linux-x86_64-fedora-gcc 0.9.7.5 278.99 NOTE
r-devel-windows-x86_64 0.9.7.5 35.00 350.00 385.00 NOTE
r-devel-windows-x86_64-gcc10-UCRT 0.9.7.5 NOTE
r-patched-linux-x86_64 0.9.7.5 10.54 270.58 281.12 OK
r-patched-solaris-x86 0.9.7.5 369.00 NOTE
r-release-linux-x86_64 0.9.7.5 9.28 268.62 277.90 OK
r-release-macos-arm64 0.9.7.5 WARN
r-release-macos-x86_64 0.9.7.5 NOTE
r-release-windows-ix86+x86_64 0.9.7.5 23.00 270.00 293.00 NOTE
r-oldrel-macos-x86_64 0.9.7.5 NOTE
r-oldrel-windows-ix86+x86_64 0.9.7.5 24.00 383.00 407.00 NOTE

Check Details

Version: 0.9.7.5
Check: installed package size
Result: NOTE
     installed size is 11.4Mb
     sub-directories of 1Mb or more:
     doc 10.9Mb
Flavors: r-devel-linux-x86_64-fedora-clang, r-devel-windows-x86_64, r-patched-solaris-x86, r-release-macos-arm64, r-release-macos-x86_64, r-release-windows-ix86+x86_64, r-oldrel-macos-x86_64, r-oldrel-windows-ix86+x86_64

Version: 0.9.7.5
Check: dependencies in R code
Result: NOTE
    Namespaces in Imports field not imported from:
     ‘psych’ ‘referenceIntervals’
     All declared Imports should be used.
Flavors: r-devel-linux-x86_64-fedora-clang, r-devel-linux-x86_64-fedora-gcc, r-devel-windows-x86_64-gcc10-UCRT, r-patched-solaris-x86, r-release-macos-arm64, r-release-macos-x86_64, r-oldrel-macos-x86_64

Version: 0.9.7.5
Check: package dependencies
Result: NOTE
    Package suggested but not available for checking: ‘emojifont’
Flavor: r-release-macos-arm64

Version: 0.9.7.5
Check: re-building of vignette outputs
Result: WARN
    Error(s) in re-building vignettes:
    --- re-building ‘TheMakingOf.Rmd’ using rmarkdown
    Warning in engine$weave(file, quiet = quiet, encoding = enc) :
     Pandoc (>= 1.12.3) not available. Falling back to R Markdown v1.
    Quitting from lines 52-57 (TheMakingOf.Rmd)
    Error: processing vignette 'TheMakingOf.Rmd' failed with diagnostics:
    polygon edge not found
    --- failed re-building ‘TheMakingOf.Rmd’
    
    --- re-building ‘Vignette1.Rmd’ using rmarkdown
    Warning in engine$weave(file, quiet = quiet, encoding = enc) :
     Pandoc (>= 1.12.3) not available. Falling back to R Markdown v1.
    Quitting from lines 98-110 (Vignette1.Rmd)
    Error: processing vignette 'Vignette1.Rmd' failed with diagnostics:
    polygon edge not found
    --- failed re-building ‘Vignette1.Rmd’
    
    --- re-building ‘Vignette2.Rmd’ using rmarkdown
    Warning in engine$weave(file, quiet = quiet, encoding = enc) :
     Pandoc (>= 1.12.3) not available. Falling back to R Markdown v1.
    Quitting from lines 40-49 (Vignette2.Rmd)
    Error: processing vignette 'Vignette2.Rmd' failed with diagnostics:
    polygon edge not found
    --- failed re-building ‘Vignette2.Rmd’
    
    --- re-building ‘Vignette3.Rmd’ using rmarkdown
    Warning in engine$weave(file, quiet = quiet, encoding = enc) :
     Pandoc (>= 1.12.3) not available. Falling back to R Markdown v1.
    Quitting from lines 55-68 (Vignette3.Rmd)
    Error: processing vignette 'Vignette3.Rmd' failed with diagnostics:
    polygon edge not found
    --- failed re-building ‘Vignette3.Rmd’
    
    --- re-building ‘Vignette4.Rmd’ using rmarkdown
    Warning in engine$weave(file, quiet = quiet, encoding = enc) :
     Pandoc (>= 1.12.3) not available. Falling back to R Markdown v1.
    Quitting from lines 49-81 (Vignette4.Rmd)
    Error: processing vignette 'Vignette4.Rmd' failed with diagnostics:
    polygon edge not found
    --- failed re-building ‘Vignette4.Rmd’
    
    --- re-building ‘Vignette5.Rmd’ using rmarkdown
    Warning in engine$weave(file, quiet = quiet, encoding = enc) :
     Pandoc (>= 1.12.3) not available. Falling back to R Markdown v1.
    Quitting from lines 110-119 (Vignette5.Rmd)
    Error: processing vignette 'Vignette5.Rmd' failed with diagnostics:
    polygon edge not found
    --- failed re-building ‘Vignette5.Rmd’
    
    --- re-building ‘Vignette6.Rmd’ using rmarkdown
    Warning in engine$weave(file, quiet = quiet, encoding = enc) :
     Pandoc (>= 1.12.3) not available. Falling back to R Markdown v1.
    Warning in doTryCatch(return(expr), name, parentenv, handler) :
     no font could be found for family "Arial"
    Warning in doTryCatch(return(expr), name, parentenv, handler) :
     no font could be found for family "Arial"
    Warning in doTryCatch(return(expr), name, parentenv, handler) :
     no font could be found for family "Arial"
    Warning in doTryCatch(return(expr), name, parentenv, handler) :
     no font could be found for family "Arial"
    Warning in doTryCatch(return(expr), name, parentenv, handler) :
     no font could be found for family "Arial"
    Warning in doTryCatch(return(expr), name, parentenv, handler) :
     no font could be found for family "Arial"
    Warning in doTryCatch(return(expr), name, parentenv, handler) :
     no font could be found for family "Arial"
    Warning in doTryCatch(return(expr), name, parentenv, handler) :
     no font could be found for family "Arial"
    Warning in doTryCatch(return(expr), name, parentenv, handler) :
     no font could be found for family "Arial"
    Warning in doTryCatch(return(expr), name, parentenv, handler) :
     no font could be found for family "Arial"
    Warning in doTryCatch(return(expr), name, parentenv, handler) :
     no font could be found for family "Arial"
    Warning in doTryCatch(return(expr), name, parentenv, handler) :
     no font could be found for family "Arial"
    Warning in doTryCatch(return(expr), name, parentenv, handler) :
     no font could be found for family "Arial"
    Warning in doTryCatch(return(expr), name, parentenv, handler) :
     no font could be found for family "Arial"
    Warning in doTryCatch(return(expr), name, parentenv, handler) :
     no font could be found for family "Arial"
    Warning in doTryCatch(return(expr), name, parentenv, handler) :
     no font could be found for family "Arial"
    Warning in doTryCatch(return(expr), name, parentenv, handler) :
     no font could be found for family "Arial"
    Warning in doTryCatch(return(expr), name, parentenv, handler) :
     no font could be found for family "Arial"
    Warning in doTryCatch(return(expr), name, parentenv, handler) :
     no font could be found for family "Arial"
    Warning in doTryCatch(return(expr), name, parentenv, handler) :
     no font could be found for family "Arial"
    Warning in doTryCatch(return(expr), name, parentenv, handler) :
     no font could be found for family "Arial"
    Warning in doTryCatch(return(expr), name, parentenv, handler) :
     no font could be found for family "Arial"
    Warning in doTryCatch(return(expr), name, parentenv, handler) :
     no font could be found for family "Arial"
    Warning in doTryCatch(return(expr), name, parentenv, handler) :
     no font could be found for family "Arial"
    Warning in doTryCatch(return(expr), name, parentenv, handler) :
     no font could be found for family "Arial"
    Warning in doTryCatch(return(expr), name, parentenv, handler) :
     no font could be found for family "Arial"
    Warning in doTryCatch(return(expr), name, parentenv, handler) :
     no font could be found for family "Arial"
    Warning in doTryCatch(return(expr), name, parentenv, handler) :
     no font could be found for family "Arial"
    Warning in doTryCatch(return(expr), name, parentenv, handler) :
     no font could be found for family "Arial"
    Warning in doTryCatch(return(expr), name, parentenv, handler) :
     no font could be found for family "Arial"
    Warning in doTryCatch(return(expr), name, parentenv, handler) :
     no font could be found for family "Arial"
    Warning in doTryCatch(return(expr), name, parentenv, handler) :
     no font could be found for family "Arial"
    Warning in doTryCatch(return(expr), name, parentenv, handler) :
     no font could be found for family "Arial"
    Warning in doTryCatch(return(expr), name, parentenv, handler) :
     no font could be found for family "Arial"
    Warning in doTryCatch(return(expr), name, parentenv, handler) :
     no font could be found for family "Arial"
    Warning in doTryCatch(return(expr), name, parentenv, handler) :
     no font could be found for family "Arial"
    Warning in doTryCatch(return(expr), name, parentenv, handler) :
     no font could be found for family "Arial"
    Warning in doTryCatch(return(expr), name, parentenv, handler) :
     no font could be found for family "Arial"
    Warning in doTryCatch(return(expr), name, parentenv, handler) :
     no font could be found for family "Arial"
    Warning in doTryCatch(return(expr), name, parentenv, handler) :
     no font could be found for family "Arial"
    Warning in doTryCatch(return(expr), name, parentenv, handler) :
     no font could be found for family "Arial"
    Warning in doTryCatch(return(expr), name, parentenv, handler) :
     no font could be found for family "Arial"
    Warning in doTryCatch(return(expr), name, parentenv, handler) :
     no font could be found for family "Arial"
    Quitting from lines 148-160 (Vignette6.Rmd)
    Error: processing vignette 'Vignette6.Rmd' failed with diagnostics:
    polygon edge not found
    --- failed re-building ‘Vignette6.Rmd’
    
    --- re-building ‘Vignette7.Rmd’ using rmarkdown
    Warning in engine$weave(file, quiet = quiet, encoding = enc) :
     Pandoc (>= 1.12.3) not available. Falling back to R Markdown v1.
    Quitting from lines 81-92 (Vignette7.Rmd)
    Error: processing vignette 'Vignette7.Rmd' failed with diagnostics:
    polygon edge not found
    --- failed re-building ‘Vignette7.Rmd’
    
    --- re-building ‘Vignette8.Rmd’ using rmarkdown
    Warning in engine$weave(file, quiet = quiet, encoding = enc) :
     Pandoc (>= 1.12.3) not available. Falling back to R Markdown v1.
    Quitting from lines 133-155 (Vignette8.Rmd)
    Error: processing vignette 'Vignette8.Rmd' failed with diagnostics:
    polygon edge not found
    --- failed re-building ‘Vignette8.Rmd’
    
    --- re-building ‘Vignette9.Rmd’ using rmarkdown
    Warning in engine$weave(file, quiet = quiet, encoding = enc) :
     Pandoc (>= 1.12.3) not available. Falling back to R Markdown v1.
    Quitting from lines 146-157 (Vignette9.Rmd)
    Error: processing vignette 'Vignette9.Rmd' failed with diagnostics:
    polygon edge not found
    --- failed re-building ‘Vignette9.Rmd’
    
    --- re-building ‘VignetteA.Rmd’ using rmarkdown
    Warning in engine$weave(file, quiet = quiet, encoding = enc) :
     Pandoc (>= 1.12.3) not available. Falling back to R Markdown v1.
    Quitting from lines 113-120 (VignetteA.Rmd)
    Error: processing vignette 'VignetteA.Rmd' failed with diagnostics:
    polygon edge not found
    --- failed re-building ‘VignetteA.Rmd’
    
    --- re-building ‘VignetteB.Rmd’ using rmarkdown
    Warning in engine$weave(file, quiet = quiet, encoding = enc) :
     Pandoc (>= 1.12.3) not available. Falling back to R Markdown v1.
    superb::FYI: The variables will be plotted in that order: Nletters, Nuppercase (use factorOrder to change).
    superb::FYI: Here is how the within-subject variables are understood:
     Nletters Nuppercase variable
     1 1 DV.1.1
     2 1 DV.2.1
     3 1 DV.3.1
     4 1 DV.4.1
     1 2 DV.1.2
     2 2 DV.2.2
     3 2 DV.3.2
     4 2 DV.4.2
     1 3 DV.1.3
     2 3 DV.2.3
     3 3 DV.3.3
     4 3 DV.4.3
     1 4 DV.1.4
     2 4 DV.2.4
     3 4 DV.3.4
     4 4 DV.4.4
    Quitting from lines 119-127 (VignetteB.Rmd)
    Error: processing vignette 'VignetteB.Rmd' failed with diagnostics:
    polygon edge not found
    --- failed re-building ‘VignetteB.Rmd’
    
    SUMMARY: processing the following files failed:
     ‘TheMakingOf.Rmd’ ‘Vignette1.Rmd’ ‘Vignette2.Rmd’ ‘Vignette3.Rmd’
     ‘Vignette4.Rmd’ ‘Vignette5.Rmd’ ‘Vignette6.Rmd’ ‘Vignette7.Rmd’
     ‘Vignette8.Rmd’ ‘Vignette9.Rmd’ ‘VignetteA.Rmd’ ‘VignetteB.Rmd’
    
    Error: Vignette re-building failed.
    Execution halted
Flavor: r-release-macos-arm64