Last updated on 2023-10-04 00:02:01 CEST.
Flavor | Version | Tinstall | Tcheck | Ttotal | Status | Flags |
---|---|---|---|---|---|---|
r-devel-linux-x86_64-debian-clang | 0.1.0 | 4.54 | 179.95 | 184.49 | NOTE | |
r-devel-linux-x86_64-debian-gcc | 0.1.0 | 3.46 | 130.34 | 133.80 | NOTE | |
r-devel-linux-x86_64-fedora-clang | 0.1.0 | 217.72 | NOTE | |||
r-devel-linux-x86_64-fedora-gcc | 0.1.0 | 209.40 | NOTE | |||
r-devel-windows-x86_64 | 0.1.0 | 6.00 | 135.00 | 141.00 | NOTE | |
r-patched-linux-x86_64 | 0.1.0 | 4.76 | 174.39 | 179.15 | NOTE | |
r-release-linux-x86_64 | 0.1.0 | 5.32 | 175.72 | 181.04 | NOTE | |
r-release-macos-arm64 | 0.1.0 | 63.00 | NOTE | |||
r-release-macos-x86_64 | 0.1.0 | 103.00 | NOTE | |||
r-release-windows-x86_64 | 0.1.0 | 7.00 | 172.00 | 179.00 | NOTE | |
r-oldrel-macos-arm64 | 0.1.0 | 46.00 | NOTE | |||
r-oldrel-macos-x86_64 | 0.1.0 | 73.00 | NOTE | |||
r-oldrel-windows-x86_64 | 0.1.0 | 7.00 | 179.00 | 186.00 | NOTE |
Version: 0.1.0
Check: LazyData
Result: NOTE
'LazyData' is specified without a 'data' directory
Flavors: r-devel-linux-x86_64-debian-clang, r-devel-linux-x86_64-debian-gcc, r-devel-linux-x86_64-fedora-clang, r-devel-linux-x86_64-fedora-gcc, r-devel-windows-x86_64, r-patched-linux-x86_64, r-release-linux-x86_64, r-release-macos-arm64, r-release-macos-x86_64, r-release-windows-x86_64, r-oldrel-macos-arm64, r-oldrel-macos-x86_64, r-oldrel-windows-x86_64