CRAN Package Check Results for Package superml

Last updated on 2019-10-16 22:56:12 CEST.

Flavor Version Tinstall Tcheck Ttotal Status Flags
r-devel-linux-x86_64-debian-clang 0.4.0 9.85 44.50 54.35 OK --no-vignettes
r-devel-linux-x86_64-debian-gcc 0.4.0 9.38 37.19 46.57 OK --no-vignettes
r-devel-linux-x86_64-fedora-clang 0.4.0 123.78 OK
r-devel-linux-x86_64-fedora-gcc 0.4.0 110.41 OK
r-devel-windows-ix86+x86_64 0.4.0 23.00 73.00 96.00 OK
r-patched-linux-x86_64 0.4.0 10.85 39.22 50.07 OK --no-vignettes
r-patched-solaris-x86 0.4.0 227.50 WARN
r-release-linux-x86_64 0.4.0 9.42 39.78 49.20 OK --no-vignettes
r-release-windows-ix86+x86_64 0.4.0 19.00 117.00 136.00 OK
r-release-osx-x86_64 0.4.0 OK
r-oldrel-windows-ix86+x86_64 0.4.0 11.00 69.00 80.00 OK
r-oldrel-osx-x86_64 0.4.0 OK

Check Details

Version: 0.4.0
Check: re-building of vignette outputs
Result: WARN
    Error(s) in re-building vignettes:
     ...
    --- re-building ‘introduction.Rmd’ using rmarkdown
    Warning in engine$weave(file, quiet = quiet, encoding = enc) :
     Pandoc (>= 1.12.3) and/or pandoc-citeproc not available. Falling back to R Markdown v1.
    Error: segfault from C stack overflow
    Execution halted
Flavor: r-patched-solaris-x86