CRAN Package Check Results for Package sure

Last updated on 2021-10-20 23:50:27 CEST.

Flavor Version Tinstall Tcheck Ttotal Status Flags
r-devel-linux-x86_64-debian-clang 0.2.0 4.73 50.61 55.34 OK
r-devel-linux-x86_64-debian-gcc 0.2.0 4.14 37.55 41.69 OK
r-devel-linux-x86_64-fedora-clang 0.2.0 78.10 NOTE
r-devel-linux-x86_64-fedora-gcc 0.2.0 63.35 OK
r-devel-windows-x86_64 0.2.0 9.00 63.00 72.00 OK
r-devel-windows-x86_64-gcc10-UCRT 0.2.0 OK
r-patched-linux-x86_64 0.2.0 5.44 46.91 52.35 OK
r-patched-solaris-x86 0.2.0 95.40 OK
r-release-linux-x86_64 0.2.0 5.02 47.13 52.15 OK
r-release-macos-arm64 0.2.0 OK
r-release-macos-x86_64 0.2.0 OK
r-release-windows-ix86+x86_64 0.2.0 13.00 69.00 82.00 OK
r-oldrel-macos-x86_64 0.2.0 OK
r-oldrel-windows-ix86+x86_64 0.2.0 14.00 69.00 83.00 OK

Check Details

Version: 0.2.0
Check: Rd cross-references
Result: NOTE
    Undeclared package ‘truncdist’ in Rd xrefs
Flavor: r-devel-linux-x86_64-fedora-clang