CRAN Package Check Results for Package surv2sampleComp

Last updated on 2021-05-16 22:50:09 CEST.

Flavor Version Tinstall Tcheck Ttotal Status Flags
r-devel-linux-x86_64-debian-clang 1.0-5 10.17 103.49 113.66 NOTE
r-devel-linux-x86_64-debian-gcc 1.0-5 9.34 73.49 82.83 NOTE
r-devel-linux-x86_64-fedora-clang 1.0-5 136.26 NOTE
r-devel-linux-x86_64-fedora-gcc 1.0-5 128.45 NOTE
r-devel-windows-ix86+x86_64 1.0-5 26.00 86.00 112.00 NOTE
r-devel-windows-x86_64-gcc10-UCRT 1.0-5 NOTE
r-patched-linux-x86_64 1.0-5 9.48 94.63 104.11 NOTE
r-patched-solaris-x86 1.0-5 188.90 NOTE
r-release-linux-x86_64 1.0-5 10.55 90.77 101.32 OK
r-release-macos-x86_64 1.0-5 OK
r-release-windows-ix86+x86_64 1.0-5 17.00 92.00 109.00 OK
r-oldrel-macos-x86_64 1.0-5 OK
r-oldrel-windows-ix86+x86_64 1.0-5 15.00 110.00 125.00 OK

Check Details

Version: 1.0-5
Check: LazyData
Result: NOTE
     'LazyData' is specified without a 'data' directory
Flavors: r-devel-linux-x86_64-debian-clang, r-devel-linux-x86_64-debian-gcc, r-devel-linux-x86_64-fedora-clang, r-devel-linux-x86_64-fedora-gcc, r-devel-windows-ix86+x86_64, r-devel-windows-x86_64-gcc10-UCRT, r-patched-linux-x86_64, r-patched-solaris-x86