CRAN Package Check Results for Package survHE

Last updated on 2019-09-17 22:48:20 CEST.

Flavor Version Tinstall Tcheck Ttotal Status Flags
r-devel-linux-x86_64-debian-clang 1.0.65 738.95 181.15 920.10 NOTE
r-devel-linux-x86_64-debian-gcc 1.0.65 742.06 184.47 926.53 NOTE
r-devel-linux-x86_64-fedora-clang 1.0.65 1693.92 NOTE
r-devel-linux-x86_64-fedora-gcc 1.0.65 2123.10 NOTE
r-devel-windows-ix86+x86_64 1.0.65 2080.00 335.00 2415.00 NOTE
r-patched-linux-x86_64 1.0.65 782.10 226.55 1008.65 NOTE
r-patched-solaris-x86 1.0.65 1474.70 NOTE
r-release-linux-x86_64 1.0.65 796.30 226.48 1022.78 NOTE
r-release-windows-ix86+x86_64 1.0.65 1766.00 295.00 2061.00 NOTE
r-release-osx-x86_64 1.0.65 ERROR
r-oldrel-windows-ix86+x86_64 1.0.65 2334.00 308.00 2642.00 NOTE
r-oldrel-osx-x86_64 1.0.65 NOTE

Check Details

Version: 1.0.65
Check: package dependencies
Result: NOTE
    Package suggested but not available for checking: 'INLA'
Flavors: r-devel-linux-x86_64-debian-clang, r-devel-linux-x86_64-debian-gcc, r-patched-linux-x86_64, r-patched-solaris-x86, r-release-linux-x86_64, r-release-osx-x86_64, r-oldrel-osx-x86_64

Version: 1.0.65
Check: for GNU extensions in Makefiles
Result: NOTE
    GNU make is a SystemRequirements.
Flavors: r-devel-linux-x86_64-debian-clang, r-devel-linux-x86_64-debian-gcc, r-devel-linux-x86_64-fedora-clang, r-devel-linux-x86_64-fedora-gcc, r-devel-windows-ix86+x86_64, r-patched-linux-x86_64, r-patched-solaris-x86, r-release-linux-x86_64, r-release-windows-ix86+x86_64, r-oldrel-windows-ix86+x86_64, r-oldrel-osx-x86_64

Version: 1.0.65
Check: installed package size
Result: NOTE
     installed size is 142.2Mb
     sub-directories of 1Mb or more:
     libs 140.7Mb
Flavors: r-devel-linux-x86_64-fedora-clang, r-devel-windows-ix86+x86_64, r-patched-solaris-x86, r-release-windows-ix86+x86_64, r-oldrel-windows-ix86+x86_64, r-oldrel-osx-x86_64

Version: 1.0.65
Check: whether package can be installed
Result: ERROR
    Installation failed.
Flavor: r-release-osx-x86_64