CRAN Package Check Results for Package survHE

Last updated on 2020-02-17 22:49:50 CET.

Flavor Version Tinstall Tcheck Ttotal Status Flags
r-devel-linux-x86_64-debian-clang 1.0.65 0.58 2.01 2.59 ERROR
r-devel-linux-x86_64-debian-gcc 1.0.65 859.37 195.18 1054.55 NOTE
r-devel-linux-x86_64-fedora-clang 1.0.65 1745.63 NOTE
r-devel-linux-x86_64-fedora-gcc 1.0.65 2086.07 NOTE
r-devel-windows-ix86+x86_64 1.0.65 1907.00 306.00 2213.00 NOTE
r-devel-windows-ix86+x86_64-gcc8 1.0.65 2388.00 333.00 2721.00 NOTE
r-patched-linux-x86_64 1.0.65 963.56 216.20 1179.76 NOTE
r-patched-solaris-x86 1.0.65 1512.90 NOTE
r-release-linux-x86_64 1.0.65 917.80 222.21 1140.01 NOTE
r-release-windows-ix86+x86_64 1.0.65 1407.00 322.00 1729.00 NOTE
r-release-osx-x86_64 1.0.65 ERROR
r-oldrel-windows-ix86+x86_64 1.0.65 1704.00 342.00 2046.00 NOTE
r-oldrel-osx-x86_64 1.0.65 NOTE

Check Details

Version: 1.0.65
Check: package dependencies
Result: ERROR
    Package required but not available: 'rms'
    
    Package suggested but not available for checking: 'INLA'
    
    See section 'The DESCRIPTION file' in the 'Writing R Extensions'
    manual.
Flavor: r-devel-linux-x86_64-debian-clang

Version: 1.0.65
Check: package dependencies
Result: NOTE
    Package suggested but not available for checking: ‘INLA’
Flavors: r-devel-linux-x86_64-debian-gcc, r-patched-linux-x86_64, r-patched-solaris-x86, r-release-linux-x86_64, r-release-osx-x86_64, r-oldrel-osx-x86_64

Version: 1.0.65
Check: for GNU extensions in Makefiles
Result: NOTE
    GNU make is a SystemRequirements.
Flavors: r-devel-linux-x86_64-debian-gcc, r-devel-linux-x86_64-fedora-clang, r-devel-linux-x86_64-fedora-gcc, r-devel-windows-ix86+x86_64, r-devel-windows-ix86+x86_64-gcc8, r-patched-linux-x86_64, r-patched-solaris-x86, r-release-linux-x86_64, r-release-windows-ix86+x86_64, r-oldrel-windows-ix86+x86_64, r-oldrel-osx-x86_64

Version: 1.0.65
Check: installed package size
Result: NOTE
     installed size is 142.2Mb
     sub-directories of 1Mb or more:
     libs 140.7Mb
Flavors: r-devel-linux-x86_64-fedora-clang, r-devel-windows-ix86+x86_64, r-devel-windows-ix86+x86_64-gcc8, r-patched-solaris-x86, r-release-windows-ix86+x86_64, r-oldrel-windows-ix86+x86_64, r-oldrel-osx-x86_64

Version: 1.0.65
Check: whether package can be installed
Result: ERROR
    Installation failed.
Flavor: r-release-osx-x86_64