CRAN Package Check Results for Package survHE

Last updated on 2021-05-16 22:50:09 CEST.

Flavor Version Tinstall Tcheck Ttotal Status Flags
r-devel-linux-x86_64-debian-clang 1.1.2 1160.16 232.66 1392.82 NOTE
r-devel-linux-x86_64-debian-gcc 1.1.2 820.37 219.23 1039.60 NOTE
r-devel-linux-x86_64-fedora-clang 1.1.2 1978.06 NOTE
r-devel-linux-x86_64-fedora-gcc 1.1.2 2168.35 NOTE
r-devel-windows-ix86+x86_64 1.1.2 2703.00 363.00 3066.00 NOTE
r-devel-windows-x86_64-gcc10-UCRT 1.1.2 NOTE
r-patched-linux-x86_64 1.1.2 1010.58 280.05 1290.63 NOTE
r-patched-solaris-x86 1.1.2 1884.00 NOTE
r-release-linux-x86_64 1.1.2 1147.10 266.00 1413.10 NOTE
r-release-macos-x86_64 1.1.2 NOTE
r-release-windows-ix86+x86_64 1.1.2 1891.00 359.00 2250.00 NOTE
r-oldrel-macos-x86_64 1.1.2 NOTE
r-oldrel-windows-ix86+x86_64 1.1.2 2272.00 388.00 2660.00 NOTE

Check Details

Version: 1.1.2
Check: package dependencies
Result: NOTE
    Package suggested but not available for checking: 'INLA'
Flavors: r-devel-linux-x86_64-debian-clang, r-devel-linux-x86_64-debian-gcc, r-devel-windows-x86_64-gcc10-UCRT, r-patched-linux-x86_64, r-patched-solaris-x86, r-release-linux-x86_64, r-release-macos-x86_64, r-oldrel-macos-x86_64

Version: 1.1.2
Check: for GNU extensions in Makefiles
Result: NOTE
    GNU make is a SystemRequirements.
Flavors: r-devel-linux-x86_64-debian-clang, r-devel-linux-x86_64-debian-gcc, r-devel-linux-x86_64-fedora-clang, r-devel-linux-x86_64-fedora-gcc, r-devel-windows-ix86+x86_64, r-devel-windows-x86_64-gcc10-UCRT, r-patched-linux-x86_64, r-patched-solaris-x86, r-release-linux-x86_64, r-release-macos-x86_64, r-release-windows-ix86+x86_64, r-oldrel-macos-x86_64, r-oldrel-windows-ix86+x86_64

Version: 1.1.2
Check: installed package size
Result: NOTE
     installed size is 138.1Mb
     sub-directories of 1Mb or more:
     libs 137.2Mb
Flavors: r-devel-linux-x86_64-fedora-clang, r-devel-windows-ix86+x86_64, r-patched-solaris-x86, r-release-macos-x86_64, r-release-windows-ix86+x86_64, r-oldrel-macos-x86_64, r-oldrel-windows-ix86+x86_64

Version: 1.1.2
Check: line endings in C/C++/Fortran sources/headers
Result: NOTE
    Found the following sources/headers with CR or CRLF line endings:
     src/stan_files/Exponential.hpp
     src/stan_files/Gamma.hpp
     src/stan_files/GenF.hpp
     src/stan_files/GenGamma.hpp
     src/stan_files/Gompertz.hpp
     src/stan_files/PolyWeibull.hpp
     src/stan_files/RP.hpp
     src/stan_files/WeibullAF.hpp
     src/stan_files/WeibullPH.hpp
     src/stan_files/logLogistic.hpp
     src/stan_files/logNormal.hpp
    Some Unix compilers require LF line endings.
Flavor: r-devel-windows-x86_64-gcc10-UCRT