CRAN Package Check Results for Package survPen

Last updated on 2021-06-19 22:56:47 CEST.

Flavor Version Tinstall Tcheck Ttotal Status Flags
r-devel-linux-x86_64-debian-clang 1.5.1 42.67 123.30 165.97 OK --no-vignettes
r-devel-linux-x86_64-debian-gcc 1.5.1 30.55 96.64 127.19 OK --no-vignettes
r-devel-linux-x86_64-fedora-clang 1.5.1 494.32 NOTE
r-devel-linux-x86_64-fedora-gcc 1.5.1 495.81 OK
r-devel-windows-x86_64 1.5.1 52.00 369.00 421.00 OK
r-devel-windows-x86_64-gcc10-UCRT 1.5.1 OK
r-patched-linux-x86_64 1.5.1 35.72 119.29 155.01 OK --no-vignettes
r-patched-solaris-x86 1.5.1 1287.20 OK
r-release-linux-x86_64 1.5.1 35.98 118.47 154.45 OK --no-vignettes
r-release-macos-arm64 1.5.1 NOTE
r-release-macos-x86_64 1.5.1 NOTE
r-release-windows-ix86+x86_64 1.5.1 90.00 616.00 706.00 OK
r-oldrel-macos-x86_64 1.5.1 NOTE
r-oldrel-windows-ix86+x86_64 1.5.1 70.00 610.00 680.00 OK

Check Details

Version: 1.5.1
Check: installed package size
Result: NOTE
     installed size is 14.4Mb
     sub-directories of 1Mb or more:
     doc 1.4Mb
     libs 12.6Mb
Flavors: r-devel-linux-x86_64-fedora-clang, r-release-macos-arm64, r-release-macos-x86_64, r-oldrel-macos-x86_64