CRAN Package Check Results for Package surveybootstrap

Last updated on 2021-11-27 22:57:12 CET.

Flavor Version Tinstall Tcheck Ttotal Status Flags
r-devel-linux-x86_64-debian-clang 0.0.1 OK
r-devel-linux-x86_64-debian-gcc 0.0.1 22.70 105.47 128.17 OK
r-devel-linux-x86_64-fedora-clang 0.0.1 232.63 NOTE
r-devel-linux-x86_64-fedora-gcc 0.0.1 218.84 NOTE
r-devel-windows-x86_64-new-UL 0.0.1 51.00 209.00 260.00 OK
r-devel-windows-x86_64-new-TK 0.0.1 OK
r-devel-windows-x86_64-old 0.0.1 32.00 199.00 231.00 OK
r-patched-linux-x86_64 0.0.1 31.76 140.13 171.89 OK
r-patched-solaris-x86 0.0.1 238.30 OK
r-release-linux-x86_64 0.0.1 OK
r-release-macos-arm64 0.0.1 OK
r-release-macos-x86_64 0.0.1 OK
r-release-windows-ix86+x86_64 0.0.1 86.00 232.00 318.00 OK
r-oldrel-macos-x86_64 0.0.1 OK
r-oldrel-windows-ix86+x86_64 0.0.1 86.00 346.00 432.00 OK

Check Details

Version: 0.0.1
Check: compiled code
Result: NOTE
    File ‘surveybootstrap/libs/surveybootstrap.so’:
     Found no calls to: ‘R_registerRoutines’, ‘R_useDynamicSymbols’
    
    It is good practice to register native routines and to disable symbol
    search.
    
    See ‘Writing portable packages’ in the ‘Writing R Extensions’ manual.
Flavors: r-devel-linux-x86_64-fedora-clang, r-devel-linux-x86_64-fedora-gcc