CRAN Package Check Results for Package surveydata

Last updated on 2024-06-13 22:49:47 CEST.

Flavor Version Tinstall Tcheck Ttotal Status Flags
r-devel-linux-x86_64-debian-clang 0.2.7 6.48 76.29 82.77 OK
r-devel-linux-x86_64-debian-gcc 0.2.7 0.68 1.73 2.41 ERROR
r-devel-linux-x86_64-fedora-clang 0.2.7 112.47 OK
r-devel-linux-x86_64-fedora-gcc 0.2.7 115.70 OK
r-devel-windows-x86_64 0.2.7 7.00 90.00 97.00 OK
r-patched-linux-x86_64 0.2.7 8.36 74.92 83.28 OK
r-release-linux-x86_64 0.2.7 4.81 73.77 78.58 OK
r-release-macos-arm64 0.2.7 40.00 OK
r-release-macos-x86_64 0.2.7 68.00 OK
r-release-windows-x86_64 0.2.7 8.00 95.00 103.00 OK
r-oldrel-macos-arm64 0.2.7 41.00 OK
r-oldrel-macos-x86_64 0.2.7 63.00 OK
r-oldrel-windows-x86_64 0.2.7 11.00 99.00 110.00 OK

Check Details

Version: 0.2.7
Check: package dependencies
Result: ERROR Packages required but not available: 'dplyr', 'purrr', 'ggplot2', 'tidyr' Package suggested but not available for checking: ‘testthat’ See section ‘The DESCRIPTION file’ in the ‘Writing R Extensions’ manual. Flavor: r-devel-linux-x86_64-debian-gcc