CRAN Package Check Results for Package survival

Last updated on 2021-11-27 22:57:12 CET.

Flavor Version Tinstall Tcheck Ttotal Status Flags
r-devel-linux-x86_64-debian-clang 3.2-13 OK
r-devel-linux-x86_64-debian-gcc 3.2-13 50.04 427.75 477.79 OK
r-devel-linux-x86_64-fedora-clang 3.2-13 789.29 NOTE
r-devel-linux-x86_64-fedora-gcc 3.2-13 770.77 OK
r-devel-windows-x86_64-new-UL 3.2-13 143.00 832.00 975.00 NOTE
r-devel-windows-x86_64-new-TK 3.2-13 OK
r-devel-windows-x86_64-old 3.2-13 84.00 695.00 779.00 NOTE
r-patched-linux-x86_64 3.2-13 58.39 576.44 634.83 OK
r-patched-solaris-x86 3.2-13 NOTE
r-release-linux-x86_64 3.2-13 OK
r-release-macos-arm64 3.2-13 NOTE
r-release-macos-x86_64 3.2-13 NOTE
r-release-windows-ix86+x86_64 3.2-13 146.00 788.00 934.00 NOTE
r-oldrel-macos-x86_64 3.2-13 NOTE
r-oldrel-windows-ix86+x86_64 3.2-13 123.00 1059.00 1182.00 NOTE

Check Details

Version: 3.2-13
Check: installed package size
Result: NOTE
     installed size is 8.1Mb
     sub-directories of 1Mb or more:
     R 1.2Mb
     data 1.9Mb
     doc 3.5Mb
Flavors: r-devel-linux-x86_64-fedora-clang, r-devel-windows-x86_64-new-UL, r-devel-windows-x86_64-old, r-patched-solaris-x86, r-release-macos-arm64, r-release-macos-x86_64, r-release-windows-ix86+x86_64, r-oldrel-macos-x86_64, r-oldrel-windows-ix86+x86_64