CRAN Package Check Results for Package survival

Last updated on 2024-06-13 22:49:47 CEST.

Flavor Version Tinstall Tcheck Ttotal Status Flags
r-devel-linux-x86_64-debian-clang 3.7-0 86.99 687.79 774.78 OK
r-devel-linux-x86_64-debian-gcc 3.7-0 62.57 516.79 579.36 OK
r-devel-linux-x86_64-fedora-clang 3.7-0 730.45 NOTE
r-devel-linux-x86_64-fedora-gcc 3.7-0 978.83 OK
r-devel-windows-x86_64 3.7-0 80.00 731.00 811.00 NOTE
r-patched-linux-x86_64 3.7-0 70.07 656.48 726.55 OK
r-release-linux-x86_64 3.7-0 79.86 665.08 744.94 OK
r-release-macos-arm64 3.7-0 326.00 NOTE
r-release-macos-x86_64 3.7-0 755.00 NOTE
r-release-windows-x86_64 3.6-4 82.00 643.00 725.00 NOTE
r-oldrel-macos-arm64 3.7-0 369.00 NOTE
r-oldrel-macos-x86_64 3.7-0 972.00 NOTE
r-oldrel-windows-x86_64 3.7-0 98.00 757.00 855.00 NOTE

Check Details

Version: 3.7-0
Check: installed package size
Result: NOTE installed size is 8.3Mb sub-directories of 1Mb or more: R 1.2Mb data 1.9Mb doc 4.1Mb Flavors: r-devel-linux-x86_64-fedora-clang, r-devel-windows-x86_64, r-release-macos-arm64, r-release-macos-x86_64, r-oldrel-macos-arm64, r-oldrel-macos-x86_64, r-oldrel-windows-x86_64

Version: 3.6-4
Check: installed package size
Result: NOTE installed size is 8.2Mb sub-directories of 1Mb or more: R 1.2Mb data 1.9Mb doc 4.1Mb Flavor: r-release-windows-x86_64