CRAN Package Check Results for Package survivalsvm

Last updated on 2019-07-21 22:50:07 CEST.

Flavor Version Tinstall Tcheck Ttotal Status Flags
r-devel-linux-x86_64-debian-clang 0.0.5 7.29 65.92 73.21 OK
r-devel-linux-x86_64-debian-gcc 0.0.5 7.93 54.02 61.95 OK
r-devel-linux-x86_64-fedora-clang 0.0.5 92.18 NOTE
r-devel-linux-x86_64-fedora-gcc 0.0.5 87.93 NOTE
r-devel-windows-ix86+x86_64 0.0.5 15.00 99.00 114.00 OK
r-patched-linux-x86_64 0.0.5 8.01 65.84 73.85 OK
r-patched-solaris-x86 0.0.5 146.60 NOTE
r-release-linux-x86_64 0.0.5 9.34 65.55 74.89 OK
r-release-windows-ix86+x86_64 0.0.5 17.00 77.00 94.00 OK
r-release-osx-x86_64 0.0.5 NOTE
r-oldrel-windows-ix86+x86_64 0.0.5 15.00 71.00 86.00 OK
r-oldrel-osx-x86_64 0.0.5 NOTE

Check Details

Version: 0.0.5
Check: dependencies in R code
Result: NOTE
    Namespace in Imports field not imported from: ‘quadprog’
     All declared Imports should be used.
Flavors: r-devel-linux-x86_64-fedora-clang, r-devel-linux-x86_64-fedora-gcc, r-patched-solaris-x86, r-release-osx-x86_64, r-oldrel-osx-x86_64