CRAN Package Check Results for Package survivoR

Last updated on 2024-02-24 21:40:35 CET.

Flavor Version Tinstall Tcheck Ttotal Status Flags
r-devel-linux-x86_64-debian-clang 2.3.1 11.58 93.54 105.12 OK
r-devel-linux-x86_64-debian-gcc 2.3.1 8.94 69.40 78.34 OK
r-devel-linux-x86_64-fedora-clang 2.3.1 135.40 NOTE
r-devel-linux-x86_64-fedora-gcc 2.3.1 124.18 NOTE
r-devel-windows-x86_64 2.3.1 11.00 88.00 99.00 OK
r-patched-linux-x86_64 2.3.1 7.97 88.36 96.33 OK
r-release-linux-x86_64 2.3.1 7.53 89.10 96.63 OK
r-release-macos-arm64 2.3.1 39.00 OK
r-release-macos-x86_64 2.3.1 84.00 OK
r-release-windows-x86_64 2.3.1 15.00 101.00 116.00 OK
r-oldrel-macos-arm64 2.3.1 44.00 OK
r-oldrel-windows-x86_64 2.3.1 18.00 107.00 125.00 OK

Check Details

Version: 2.3.1
Check: data for non-ASCII characters
Result: NOTE Note: found 176 marked UTF-8 strings Flavors: r-devel-linux-x86_64-fedora-clang, r-devel-linux-x86_64-fedora-gcc