CRAN Package Check Results for Package survminer

Last updated on 2021-05-10 22:52:16 CEST.

Flavor Version Tinstall Tcheck Ttotal Status Flags
r-devel-linux-x86_64-debian-clang 0.4.9 16.19 233.72 249.91 OK
r-devel-linux-x86_64-debian-gcc 0.4.9 11.99 171.64 183.63 OK
r-devel-linux-x86_64-fedora-clang 0.4.9 308.72 NOTE
r-devel-linux-x86_64-fedora-gcc 0.4.9 289.68 OK
r-devel-windows-ix86+x86_64 0.4.9 35.00 286.00 321.00 NOTE
r-devel-windows-x86_64-gcc10-UCRT 0.4.9 OK
r-patched-linux-x86_64 0.4.9 19.88 219.55 239.43 OK
r-patched-solaris-x86 0.4.9 391.80 NOTE
r-release-linux-x86_64 0.4.9 15.60 216.43 232.03 OK
r-release-macos-x86_64 0.4.9 NOTE
r-release-windows-ix86+x86_64 0.4.9 27.00 207.00 234.00 NOTE
r-oldrel-macos-x86_64 0.4.9 NOTE
r-oldrel-windows-ix86+x86_64 0.4.9 30.00 280.00 310.00 NOTE

Check Details

Version: 0.4.9
Check: installed package size
Result: NOTE
     installed size is 6.0Mb
     sub-directories of 1Mb or more:
     doc 5.5Mb
Flavors: r-devel-linux-x86_64-fedora-clang, r-devel-windows-ix86+x86_64, r-patched-solaris-x86, r-release-macos-x86_64, r-release-windows-ix86+x86_64, r-oldrel-macos-x86_64, r-oldrel-windows-ix86+x86_64