Last updated on 2024-03-28 23:01:59 CET.
Flavor | Version | Tinstall | Tcheck | Ttotal | Status | Flags |
---|---|---|---|---|---|---|
r-devel-linux-x86_64-debian-clang | 0.4.9 | 12.83 | 259.99 | 272.82 | OK | |
r-devel-linux-x86_64-debian-gcc | 0.4.9 | 13.59 | 189.20 | 202.79 | OK | |
r-devel-linux-x86_64-fedora-clang | 0.4.9 | 331.74 | NOTE | |||
r-devel-linux-x86_64-fedora-gcc | 0.4.9 | 336.52 | OK | |||
r-devel-windows-x86_64 | 0.4.9 | 15.00 | 212.00 | 227.00 | NOTE | |
r-patched-linux-x86_64 | 0.4.9 | 22.66 | 243.37 | 266.03 | OK | |
r-release-linux-x86_64 | 0.4.9 | 15.60 | 243.64 | 259.24 | OK | |
r-release-macos-arm64 | 0.4.9 | 103.00 | NOTE | |||
r-release-macos-x86_64 | 0.4.9 | 165.00 | NOTE | |||
r-release-windows-x86_64 | 0.4.9 | 20.00 | 280.00 | 300.00 | NOTE | |
r-oldrel-macos-arm64 | 0.4.9 | 87.00 | NOTE | |||
r-oldrel-windows-x86_64 | 0.4.9 | 21.00 | 264.00 | 285.00 | NOTE |
Version: 0.4.9
Check: installed package size
Result: NOTE
installed size is 6.1Mb
sub-directories of 1Mb or more:
doc 5.6Mb
Flavors: r-devel-linux-x86_64-fedora-clang, r-devel-windows-x86_64, r-release-macos-arm64, r-release-macos-x86_64, r-release-windows-x86_64, r-oldrel-macos-arm64, r-oldrel-windows-x86_64