CRAN Package Check Results for Package svars

Last updated on 2023-09-26 23:04:27 CEST.

Flavor Version Tinstall Tcheck Ttotal Status Flags
r-devel-linux-x86_64-debian-clang 1.3.11 167.92 233.57 401.49 OK
r-devel-linux-x86_64-debian-gcc 1.3.11 111.32 166.69 278.01 OK
r-devel-linux-x86_64-fedora-clang 1.3.11 533.18 OK
r-devel-linux-x86_64-fedora-gcc 1.3.11 563.58 OK
r-devel-windows-x86_64 1.3.11 125.00 204.00 329.00 OK
r-patched-linux-x86_64 1.3.11 161.73 220.73 382.46 OK
r-release-linux-x86_64 1.3.11 161.16 219.40 380.56 OK
r-release-macos-arm64 1.3.11 149.00 NOTE
r-release-macos-x86_64 1.3.11 239.00 NOTE
r-release-windows-x86_64 1.3.11 156.00 253.00 409.00 OK
r-oldrel-macos-arm64 1.3.11 106.00 NOTE
r-oldrel-macos-x86_64 1.3.11 165.00 NOTE
r-oldrel-windows-x86_64 1.3.11 152.00 250.00 402.00 OK

Check Details

Version: 1.3.11
Check: installed package size
Result: NOTE
     installed size is 9.0Mb
     sub-directories of 1Mb or more:
     help 1.0Mb
     libs 7.2Mb
Flavors: r-release-macos-arm64, r-release-macos-x86_64, r-oldrel-macos-arm64, r-oldrel-macos-x86_64