Last updated on 2023-11-28 23:04:52 CET.
Flavor | Version | Tinstall | Tcheck | Ttotal | Status | Flags |
---|---|---|---|---|---|---|
r-devel-linux-x86_64-debian-clang | 0.5.4.1 | 16.10 | 26.84 | 42.94 | WARN | |
r-devel-linux-x86_64-debian-gcc | 0.5.4.1 | 12.04 | 20.72 | 32.76 | WARN | |
r-devel-linux-x86_64-fedora-clang | 0.5.5 | 51.25 | OK | |||
r-devel-linux-x86_64-fedora-gcc | 0.5.5 | 56.00 | OK | |||
r-devel-windows-x86_64 | 0.5.4.1 | 18.00 | 58.00 | 76.00 | WARN | |
r-patched-linux-x86_64 | 0.5.4.1 | 14.93 | 27.09 | 42.02 | OK | |
r-release-linux-x86_64 | 0.5.4.1 | 14.58 | 26.86 | 41.44 | OK | |
r-release-macos-arm64 | 0.5.5 | 27.00 | OK | |||
r-release-macos-x86_64 | 0.5.4.1 | 55.00 | OK | |||
r-release-windows-x86_64 | 0.5.4.1 | 25.00 | 54.00 | 79.00 | OK | |
r-oldrel-macos-arm64 | 0.5.5 | 29.00 | OK | |||
r-oldrel-macos-x86_64 | 0.5.4.1 | 54.00 | OK | |||
r-oldrel-windows-x86_64 | 0.5.4.1 | 25.00 | 61.00 | 86.00 | OK |
Version: 0.5.4.1
Check: whether package can be installed
Result: WARN
Found the following significant warnings:
propack/propack_svd.c:63:33: warning: data argument not used by format string [-Wformat-extra-args]
trlan/trlaux.c:654:11: warning: format specifies type 'int' but the argument has type 'size_t' (aka 'unsigned long') [-Wformat]
See ‘/home/hornik/tmp/R.check/r-devel-clang/Work/PKGS/svd.Rcheck/00install.out’ for details.
* used C compiler: ‘Debian clang version 17.0.5 (1)’
Flavor: r-devel-linux-x86_64-debian-clang
Version: 0.5.4.1
Check: whether package can be installed
Result: WARN
Found the following significant warnings:
propack/propack_svd.c:63:11: warning: too many arguments for format [-Wformat-extra-args]
trlan/trlaux.c:653:51: warning: format ‘%d’ expects argument of type ‘int’, but argument 2 has type ‘size_t’ {aka ‘long unsigned int’} [-Wformat=]
See ‘/home/hornik/tmp/R.check/r-devel-gcc/Work/PKGS/svd.Rcheck/00install.out’ for details.
* used C compiler: ‘gcc-13 (Debian 13.2.0-5) 13.2.0’
Flavor: r-devel-linux-x86_64-debian-gcc
Version: 0.5.4.1
Check: whether package can be installed
Result: WARN
Found the following significant warnings:
propack/propack_svd.c:63:11: warning: too many arguments for format [-Wformat-extra-args]
trlan/trlaux.c:653:51: warning: format '%d' expects argument of type 'int', but argument 2 has type 'size_t' {aka 'long long unsigned int'} [-Wformat=]
See 'd:/Rcompile/CRANpkg/local/4.4/svd.Rcheck/00install.out' for details.
* used C compiler: 'gcc.exe (GCC) 12.3.0'
Flavor: r-devel-windows-x86_64