CRAN Package Check Results for Package svs

Last updated on 2022-09-27 23:08:54 CEST.

Flavor Version Tinstall Tcheck Ttotal Status Flags
r-devel-linux-x86_64-debian-clang 3.0.0 7.26 87.73 94.99 NOTE
r-devel-linux-x86_64-debian-gcc 3.0.0 7.61 65.28 72.89 NOTE
r-devel-linux-x86_64-fedora-clang 3.0.0 132.80 NOTE
r-devel-linux-x86_64-fedora-gcc 3.0.0 125.45 NOTE
r-devel-windows-x86_64 3.0.0 22.00 124.00 146.00 NOTE
r-patched-linux-x86_64 3.0.0 10.26 82.69 92.95 NOTE
r-release-linux-x86_64 3.0.0 9.10 82.92 92.02 NOTE
r-release-macos-arm64 3.0.0 35.00 NOTE
r-release-macos-x86_64 3.0.0 49.00 NOTE
r-release-windows-x86_64 3.0.0 25.00 120.00 145.00 NOTE
r-oldrel-macos-arm64 3.0.0 41.00 NOTE
r-oldrel-macos-x86_64 3.0.0 67.00 NOTE
r-oldrel-windows-ix86+x86_64 3.0.0 18.00 111.00 129.00 NOTE

Check Details

Version: 3.0.0
Check: LazyData
Result: NOTE
     'LazyData' is specified without a 'data' directory
Flavors: r-devel-linux-x86_64-debian-clang, r-devel-linux-x86_64-debian-gcc, r-devel-linux-x86_64-fedora-clang, r-devel-linux-x86_64-fedora-gcc, r-devel-windows-x86_64, r-patched-linux-x86_64, r-release-linux-x86_64, r-release-macos-arm64, r-release-macos-x86_64, r-release-windows-x86_64, r-oldrel-macos-arm64, r-oldrel-macos-x86_64, r-oldrel-windows-ix86+x86_64