Last updated on 2023-09-23 23:00:59 CEST.
Flavor | Version | Tinstall | Tcheck | Ttotal | Status | Flags |
---|---|---|---|---|---|---|
r-devel-linux-x86_64-debian-clang | 0.3.1 | 41.71 | 41.43 | 83.14 | NOTE | |
r-devel-linux-x86_64-debian-gcc | 0.3.1 | 34.63 | 31.78 | 66.41 | NOTE | |
r-devel-linux-x86_64-fedora-clang | 0.3.1 | 112.96 | NOTE | |||
r-devel-linux-x86_64-fedora-gcc | 0.3.1 | 137.34 | NOTE | |||
r-devel-windows-x86_64 | 0.3.1 | 43.00 | 82.00 | 125.00 | NOTE | |
r-patched-linux-x86_64 | 0.3.1 | 46.44 | 38.82 | 85.26 | NOTE | |
r-release-linux-x86_64 | 0.3.1 | 46.11 | 39.71 | 85.82 | NOTE | |
r-release-macos-arm64 | 0.3.1 | 40.00 | NOTE | |||
r-release-macos-x86_64 | 0.3.1 | 104.00 | NOTE | |||
r-release-windows-x86_64 | 0.3.1 | 49.00 | 84.00 | 133.00 | NOTE | |
r-oldrel-macos-arm64 | 0.3.1 | 44.00 | NOTE | |||
r-oldrel-macos-x86_64 | 0.3.1 | 46.00 | NOTE | |||
r-oldrel-windows-x86_64 | 0.3.1 | 64.00 | 82.00 | 146.00 | NOTE |
Version: 0.3.1
Check: package dependencies
Result: NOTE
Package suggested but not available for checking: ‘swephRdata’
Flavors: r-devel-linux-x86_64-debian-clang, r-devel-linux-x86_64-debian-gcc, r-devel-linux-x86_64-fedora-clang, r-devel-linux-x86_64-fedora-gcc, r-devel-windows-x86_64, r-patched-linux-x86_64, r-release-linux-x86_64, r-release-macos-arm64, r-release-macos-x86_64, r-release-windows-x86_64, r-oldrel-macos-arm64, r-oldrel-macos-x86_64, r-oldrel-windows-x86_64