CRAN Package Check Results for Package swmmr

Last updated on 2021-07-23 22:53:24 CEST.

Flavor Version Tinstall Tcheck Ttotal Status Flags
r-devel-linux-x86_64-debian-clang 0.9.1 23.19 51.68 74.87 NOTE
r-devel-linux-x86_64-debian-gcc 0.9.1 16.56 40.15 56.71 NOTE
r-devel-linux-x86_64-fedora-clang 0.9.1 104.80 NOTE
r-devel-linux-x86_64-fedora-gcc 0.9.1 92.26 NOTE
r-devel-windows-x86_64 0.9.1 24.00 61.00 85.00 NOTE
r-devel-windows-x86_64-gcc10-UCRT 0.9.1 NOTE
r-patched-linux-x86_64 0.9.1 19.61 49.04 68.65 NOTE
r-patched-solaris-x86 0.9.1 120.10 NOTE
r-release-linux-x86_64 0.9.1 17.30 50.16 67.46 NOTE
r-release-macos-arm64 0.9.1 WARN
r-release-macos-x86_64 0.9.1 NOTE
r-release-windows-ix86+x86_64 0.9.1 53.00 97.00 150.00 NOTE
r-oldrel-macos-x86_64 0.9.1 OK
r-oldrel-windows-ix86+x86_64 0.9.1 56.00 94.00 150.00 OK

Check Details

Version: 0.9.1
Check: LazyData
Result: NOTE
     'LazyData' is specified without a 'data' directory
Flavors: r-devel-linux-x86_64-debian-clang, r-devel-linux-x86_64-debian-gcc, r-devel-linux-x86_64-fedora-clang, r-devel-linux-x86_64-fedora-gcc, r-devel-windows-x86_64, r-devel-windows-x86_64-gcc10-UCRT, r-patched-linux-x86_64, r-patched-solaris-x86, r-release-linux-x86_64, r-release-macos-arm64, r-release-macos-x86_64, r-release-windows-ix86+x86_64

Version: 0.9.1
Check: package dependencies
Result: NOTE
    Package suggested but not available for checking: ‘sf’
Flavor: r-release-macos-arm64

Version: 0.9.1
Check: Rd cross-references
Result: NOTE
    Package unavailable to check Rd xrefs: ‘sf’
Flavor: r-release-macos-arm64

Version: 0.9.1
Check: re-building of vignette outputs
Result: WARN
    Error(s) in re-building vignettes:
    --- re-building ‘How_swmmr_reads_and_writes_files.Rmd’ using rmarkdown
    Warning in engine$weave(file, quiet = quiet, encoding = enc) :
     Pandoc (>= 1.12.3) not available. Falling back to R Markdown v1.
    SWMM executable not found.
    --- finished re-building ‘How_swmmr_reads_and_writes_files.Rmd’
    
    --- re-building ‘How_to_autocalibrate_a_SWMM_model_with_swmmr.Rmd’ using rmarkdown
    Warning in engine$weave(file, quiet = quiet, encoding = enc) :
     Pandoc (>= 1.12.3) not available. Falling back to R Markdown v1.
    --- finished re-building ‘How_to_autocalibrate_a_SWMM_model_with_swmmr.Rmd’
    
    --- re-building ‘How_to_convert_between_GIS_data_and_SWMM_with_swmmr.Rmd’ using rmarkdown
    Warning in engine$weave(file, quiet = quiet, encoding = enc) :
     Pandoc (>= 1.12.3) not available. Falling back to R Markdown v1.
    SWMM executable not found.
    
    Attaching package: 'dplyr'
    
    The following objects are masked from 'package:stats':
    
     filter, lag
    
    The following objects are masked from 'package:base':
    
     intersect, setdiff, setequal, union
    
    Quitting from lines 26-31 (How_to_convert_between_GIS_data_and_SWMM_with_swmmr.Rmd)
    Error: processing vignette 'How_to_convert_between_GIS_data_and_SWMM_with_swmmr.Rmd' failed with diagnostics:
    there is no package called 'sf'
    --- failed re-building ‘How_to_convert_between_GIS_data_and_SWMM_with_swmmr.Rmd’
    
    SUMMARY: processing the following file failed:
     ‘How_to_convert_between_GIS_data_and_SWMM_with_swmmr.Rmd’
    
    Error: Vignette re-building failed.
    Execution halted
Flavor: r-release-macos-arm64