CRAN Package Check Results for Package symbolicDA

Last updated on 2021-05-16 22:50:10 CEST.

Flavor Version Tinstall Tcheck Ttotal Status Flags
r-devel-linux-x86_64-debian-clang 0.6-2 22.96 552.64 575.60 OK
r-devel-linux-x86_64-debian-gcc 0.6-2 19.62 382.52 402.14 OK
r-devel-linux-x86_64-fedora-clang 0.6-2 655.48 OK
r-devel-linux-x86_64-fedora-gcc 0.6-2 649.84 OK
r-devel-windows-ix86+x86_64 0.6-2 55.00 120.00 175.00 OK --no-examples --no-tests --no-vignettes
r-devel-windows-x86_64-gcc10-UCRT 0.6-2 OK
r-patched-linux-x86_64 0.6-2 23.08 509.85 532.93 OK
r-patched-solaris-x86 0.6-2 795.10 OK
r-release-linux-x86_64 0.6-2 20.28 502.26 522.54 OK
r-release-macos-x86_64 0.6-2 OK
r-release-windows-ix86+x86_64 0.6-2 36.00 140.00 176.00 OK --no-examples --no-tests --no-vignettes
r-oldrel-macos-x86_64 0.6-2 WARN
r-oldrel-windows-ix86+x86_64 0.6-2 45.00 158.00 203.00 OK --no-examples --no-tests --no-vignettes

Check Details

Version: 0.6-2
Check: whether package can be installed
Result: WARN
    Found the following significant warnings:
     Warning: 'rgl_init' failed, running with rgl.useNULL = TRUE
Flavor: r-oldrel-macos-x86_64

Version: 0.6-2
Check: dependencies in R code
Result: NOTE
    No protocol specified
Flavor: r-oldrel-macos-x86_64

Version: 0.6-2
Check: S3 generic/method consistency
Result: WARN
    No protocol specified
    See section ‘Generic functions and methods’ in the ‘Writing R
    Extensions’ manual.
Flavor: r-oldrel-macos-x86_64

Version: 0.6-2
Check: replacement functions
Result: WARN
    No protocol specified
    The argument of a replacement function which corresponds to the right
    hand side must be named ‘value’.
Flavor: r-oldrel-macos-x86_64

Version: 0.6-2
Check: foreign function calls
Result: NOTE
    No protocol specified
    See chapter ‘System and foreign language interfaces’ in the ‘Writing R
    Extensions’ manual.
Flavor: r-oldrel-macos-x86_64

Version: 0.6-2
Check: R code for possible problems
Result: NOTE
    No protocol specified
Flavor: r-oldrel-macos-x86_64

Version: 0.6-2
Check: for missing documentation entries
Result: WARN
    No protocol specified
    All user-level objects in a package should have documentation entries.
    See chapter ‘Writing R documentation files’ in the ‘Writing R
    Extensions’ manual.
Flavor: r-oldrel-macos-x86_64

Version: 0.6-2
Check: for code/documentation mismatches
Result: WARN
    No protocol specified
    No protocol specified
    No protocol specified
Flavor: r-oldrel-macos-x86_64

Version: 0.6-2
Check: Rd \usage sections
Result: NOTE
    No protocol specified
    The \usage entries for S3 methods should use the \method markup and not
    their full name.
    See chapter ‘Writing R documentation files’ in the ‘Writing R
    Extensions’ manual.
Flavor: r-oldrel-macos-x86_64