CRAN Package Check Results for Package symmetry

Last updated on 2021-07-31 22:53:52 CEST.

Flavor Version Tinstall Tcheck Ttotal Status Flags
r-devel-linux-x86_64-debian-clang 0.2.1 221.47 35.41 256.88 NOTE
r-devel-linux-x86_64-debian-gcc 0.2.1 134.49 27.82 162.31 NOTE
r-devel-linux-x86_64-fedora-clang 0.2.1 387.12 NOTE
r-devel-linux-x86_64-fedora-gcc 0.2.1 316.56 NOTE
r-devel-windows-x86_64 0.2.1 184.00 67.00 251.00 NOTE
r-devel-windows-x86_64-gcc10-UCRT 0.2.1 NOTE
r-patched-linux-x86_64 0.2.1 NOTE
r-patched-solaris-x86 0.2.1 290.30 NOTE
r-release-linux-x86_64 0.2.1 171.75 33.91 205.66 NOTE
r-release-macos-arm64 0.2.1 NOTE
r-release-macos-x86_64 0.2.1 NOTE
r-release-windows-ix86+x86_64 0.2.1 510.00 84.00 594.00 NOTE
r-oldrel-macos-x86_64 0.2.1 OK
r-oldrel-windows-ix86+x86_64 0.2.1 375.00 96.00 471.00 OK

Check Details

Version: 0.2.1
Check: LazyData
Result: NOTE
     'LazyData' is specified without a 'data' directory
Flavors: r-devel-linux-x86_64-debian-clang, r-devel-linux-x86_64-debian-gcc, r-devel-linux-x86_64-fedora-clang, r-devel-linux-x86_64-fedora-gcc, r-devel-windows-x86_64, r-devel-windows-x86_64-gcc10-UCRT, r-patched-linux-x86_64, r-patched-solaris-x86, r-release-linux-x86_64, r-release-macos-arm64, r-release-macos-x86_64, r-release-windows-ix86+x86_64

Version: 0.2.1
Check: installed package size
Result: NOTE
     installed size is 6.5Mb
     sub-directories of 1Mb or more:
     libs 6.3Mb
Flavors: r-devel-linux-x86_64-fedora-clang, r-release-macos-arm64