CRAN Package Check Results for Package synchronicity

Last updated on 2021-10-23 22:58:04 CEST.

Flavor Version Tinstall Tcheck Ttotal Status Flags
r-devel-linux-x86_64-debian-clang 1.3.5 32.15 26.92 59.07 OK
r-devel-linux-x86_64-debian-gcc 1.3.5 20.87 21.61 42.48 OK
r-devel-linux-x86_64-fedora-clang 1.3.5 88.75 NOTE
r-devel-linux-x86_64-fedora-gcc 1.3.5 70.80 NOTE
r-devel-windows-x86_64 1.3.5 42.00 43.00 85.00 OK
r-devel-windows-x86_64-gcc10-UCRT 1.3.5 OK
r-patched-linux-x86_64 1.3.5 28.57 26.37 54.94 OK
r-patched-solaris-x86 1.3.5 90.20 OK
r-release-linux-x86_64 1.3.5 28.91 26.30 55.21 OK
r-release-macos-arm64 1.3.5 OK
r-release-macos-x86_64 1.3.5 OK
r-release-windows-ix86+x86_64 1.3.5 66.00 74.00 140.00 OK
r-oldrel-macos-x86_64 1.3.5 OK
r-oldrel-windows-ix86+x86_64 1.3.5 85.00 73.00 158.00 OK

Check Details

Version: 1.3.5
Check: top-level files
Result: NOTE
     possible bashism in configure line 12 (echo -n):
     echo -n " checking for Sun Studio compiler..."
     possible bashism in configure line 22 (echo -n):
     echo -n " checking for OS..."
Flavors: r-devel-linux-x86_64-fedora-clang, r-devel-linux-x86_64-fedora-gcc