CRAN Package Check Results for Package synthpop

Last updated on 2020-02-24 22:50:39 CET.

Flavor Version Tinstall Tcheck Ttotal Status Flags
r-devel-linux-x86_64-debian-clang 1.5-1 18.34 259.48 277.82 OK
r-devel-linux-x86_64-debian-gcc 1.5-1 14.93 191.66 206.59 OK
r-devel-linux-x86_64-fedora-clang 1.5-1 342.30 OK
r-devel-linux-x86_64-fedora-gcc 1.5-1 320.09 OK
r-devel-windows-ix86+x86_64 1.5-1 36.00 280.00 316.00 OK
r-devel-windows-ix86+x86_64-gcc8 1.5-1 45.00 268.00 313.00 OK
r-patched-linux-x86_64 1.5-1 13.81 228.37 242.18 OK
r-patched-solaris-x86 1.5-1 486.80 OK
r-release-linux-x86_64 1.5-1 14.36 232.28 246.64 OK
r-release-windows-ix86+x86_64 1.5-1 32.00 259.00 291.00 OK
r-release-osx-x86_64 1.5-1 OK
r-oldrel-windows-ix86+x86_64 1.5-1 22.00 254.00 276.00 WARN
r-oldrel-osx-x86_64 1.5-1 OK

Check Details

Version: 1.5-1
Check: whether package can be installed
Result: WARN
    Found the following significant warnings:
     Warning: S3 methods '[.fun_list', '[.grouped_df', 'all.equal.tbl_df', 'anti_join.data.frame', 'anti_join.tbl_df', 'arrange.data.frame', 'arrange.default', 'arrange.grouped_df', 'arrange.tbl_df', 'arrange_.data.frame', 'arrange_.tbl_df', 'as.data.frame.grouped_df', 'as.data.frame.rowwise_df', 'as.data.frame.tbl_cube', 'as.table.tbl_cube', 'as.tbl.data.frame', 'as.tbl.tbl', 'as.tbl_cube.array', 'as.tbl_cube.data.frame', 'as.tbl_cube.matrix', 'as.tbl_cube.table', 'as_tibble.grouped_df', 'as_tibble.tbl_cube', 'auto_copy.tbl_cube', 'auto_copy.tbl_df', 'cbind.grouped_df', 'collapse.data.frame', 'collect.data.frame', 'common_by.NULL', 'common_by.character', 'common_by.default', 'common_by.list', 'compute.data.frame', 'copy_to.DBIConnection', 'copy_to.src_local', 'default_missing.data.frame', 'default_missing.default', 'dim.tbl_cube', 'distinct.data.frame', 'distinct.default', 'distinct.grouped_df', 'distinct.tbl_df', 'distinct_.data.frame', 'distinct_.grouped_df', 'distinct_.tbl_df', 'do.NULL', 'do.da [... truncated]
Flavor: r-oldrel-windows-ix86+x86_64