CRAN Package Check Results for Package taRifx

Last updated on 2020-02-21 22:51:24 CET.

Flavor Version Tinstall Tcheck Ttotal Status Flags
r-devel-linux-x86_64-debian-clang 1.0.6.1 4.30 33.24 37.54 WARN
r-devel-linux-x86_64-debian-gcc 1.0.6.1 3.29 26.45 29.74 WARN
r-devel-linux-x86_64-fedora-clang 1.0.6.1 47.06 WARN
r-devel-linux-x86_64-fedora-gcc 1.0.6.1 45.69 WARN
r-devel-windows-ix86+x86_64 1.0.6.1 7.00 52.00 59.00 NOTE
r-devel-windows-ix86+x86_64-gcc8 1.0.6.1 13.00 47.00 60.00 NOTE
r-patched-linux-x86_64 1.0.6.1 WARN
r-patched-solaris-x86 1.0.6.1 64.80 WARN
r-release-linux-x86_64 1.0.6.1 3.81 30.76 34.57 NOTE
r-release-windows-ix86+x86_64 1.0.6.1 7.00 51.00 58.00 NOTE
r-release-osx-x86_64 1.0.6.1 NOTE
r-oldrel-windows-ix86+x86_64 1.0.6.1 5.00 48.00 53.00 NOTE
r-oldrel-osx-x86_64 1.0.6.1 NOTE

Check Details

Version: 1.0.6.1
Check: dependencies in R code
Result: NOTE
    'library' or 'require' calls in package code:
     'gdata' 'ggplot2' 'grid' 'lattice' 'xtable'
     Please use :: or requireNamespace() instead.
     See section 'Suggested packages' in the 'Writing R Extensions' manual.
Flavors: r-devel-linux-x86_64-debian-clang, r-devel-linux-x86_64-debian-gcc, r-devel-linux-x86_64-fedora-clang, r-devel-linux-x86_64-fedora-gcc, r-devel-windows-ix86+x86_64, r-devel-windows-ix86+x86_64-gcc8, r-patched-linux-x86_64, r-patched-solaris-x86, r-release-linux-x86_64, r-release-windows-ix86+x86_64, r-release-osx-x86_64, r-oldrel-windows-ix86+x86_64, r-oldrel-osx-x86_64

Version: 1.0.6.1
Check: R code for possible problems
Result: NOTE
    autoplot.microbenchmark: no visible global function definition for
     'ggplot'
    autoplot.microbenchmark: no visible global function definition for
     'aes'
    autoplot.microbenchmark: no visible global function definition for
     'coord_cartesian'
    autoplot.microbenchmark: no visible global function definition for
     'stat_summary'
    autoplot.microbenchmark: no visible global function definition for
     'opts'
    autoplot.microbenchmark: no visible global function definition for
     'theme_text'
    compareplot: no visible global function definition for 'grid.newpage'
    compareplot: no visible global function definition for
     'latticeParseFormula'
    compareplot: no visible global function definition for 'pushViewport'
    compareplot: no visible global function definition for 'viewport'
    compareplot: no visible global function definition for 'grid.layout'
    compareplot: no visible global function definition for 'unit'
    compareplot: no visible global function definition for 'seekViewport'
    compareplot: no visible global function definition for 'grid.rect'
    compareplot : makeNat: no visible global function definition for
     'convertUnit'
    compareplot: no visible global function definition for 'grid.text'
    compareplot: no visible global function definition for 'gpar'
    compareplot: no visible global function definition for 'grid.lines'
    compareplot: no visible global function definition for 'grid.points'
    compareplot: no visible global function definition for 'grid.polyline'
    compareplot: no visible global function definition for 'upViewport'
    compareplot: no visible global function definition for 'convertUnit'
    compareplot: no visible global function definition for 'popViewport'
    hist_horiz: no visible global function definition for
     'latticeParseFormula'
    latex.table.by: no visible global function definition for 'xtable'
    panel.densityplot.enhanced: no visible global function definition for
     'panel.densityplot'
    panel.densityplot.enhanced: no visible global function definition for
     'unit'
    panel.densityplot.enhanced: no visible global function definition for
     'grid.text'
    panel.densityplot.enhanced: no visible global function definition for
     'gpar'
    panel.ecdf: no visible global function definition for 'panel.xyplot'
    panel.ecdf: no visible global function definition for 'panel.lines'
    panel.xyplot_rug: no visible global function definition for
     'panel.xyplot'
    panel.xyplot_rug: no visible global function definition for
     'grid.segments'
    panel.xyplot_rug: no visible global function definition for 'unit'
    panel.xyplot_rug: no visible global function definition for 'gpar'
    searchPattern: no visible global function definition for 'interleave'
    xtable.CrossTable: no visible global function definition for
     'caption<-'
    xtable.CrossTable: no visible global function definition for 'label<-'
    xtable.CrossTable: no visible global function definition for 'align<-'
    xtable.CrossTable: no visible global function definition for 'digits<-'
    xtable.CrossTable: no visible global function definition for
     'display<-'
    xtable.summary.lme: no visible global function definition for
     'caption<-'
    xtable.summary.lme: no visible global function definition for 'label<-'
    xtable.summary.lme: no visible global function definition for 'align<-'
    xtable.summary.lme: no visible global function definition for
     'digits<-'
    xtable.summary.lme: no visible global function definition for
     'display<-'
    xtablelm: no visible global function definition for 'xtable'
    Undefined global functions or variables:
     aes align<- caption<- convertUnit coord_cartesian digits<- display<-
     ggplot gpar grid.layout grid.lines grid.newpage grid.points
     grid.polyline grid.rect grid.segments grid.text interleave label<-
     latticeParseFormula opts panel.densityplot panel.lines panel.xyplot
     popViewport pushViewport seekViewport stat_summary theme_text unit
     upViewport viewport xtable
Flavors: r-devel-linux-x86_64-debian-clang, r-devel-linux-x86_64-debian-gcc, r-devel-linux-x86_64-fedora-clang, r-devel-linux-x86_64-fedora-gcc, r-devel-windows-ix86+x86_64, r-devel-windows-ix86+x86_64-gcc8, r-patched-linux-x86_64, r-patched-solaris-x86, r-release-linux-x86_64, r-release-windows-ix86+x86_64, r-release-osx-x86_64, r-oldrel-windows-ix86+x86_64, r-oldrel-osx-x86_64

Version: 1.0.6.1
Check: Rd \usage sections
Result: WARN
    Documented arguments not in \usage in documentation object 'bytable':
     '...'
    
    Functions with \usage entries need to have the appropriate \alias
    entries, and all their arguments documented.
    The \usage entries must correspond to syntactically valid R code.
    See chapter 'Writing R documentation files' in the 'Writing R
    Extensions' manual.
Flavors: r-devel-linux-x86_64-debian-clang, r-devel-linux-x86_64-debian-gcc, r-devel-linux-x86_64-fedora-clang, r-devel-linux-x86_64-fedora-gcc, r-patched-linux-x86_64, r-patched-solaris-x86