CRAN Package Check Results for Package taber

Last updated on 2024-02-25 23:02:23 CET.

Flavor Version Tinstall Tcheck Ttotal Status Flags
r-devel-linux-x86_64-debian-clang 0.1.2 5.12 39.45 44.57 NOTE
r-devel-linux-x86_64-debian-gcc 0.1.2 3.70 30.09 33.79 NOTE
r-devel-linux-x86_64-fedora-clang 0.1.2 53.62 NOTE
r-devel-linux-x86_64-fedora-gcc 0.1.2 50.76 NOTE
r-devel-windows-x86_64 0.1.2 5.00 51.00 56.00 NOTE
r-patched-linux-x86_64 0.1.2 4.04 38.53 42.57 NOTE
r-release-linux-x86_64 0.1.2 3.49 38.11 41.60 NOTE
r-release-macos-arm64 0.1.2 22.00 NOTE
r-release-macos-x86_64 0.1.2 30.00 NOTE
r-release-windows-x86_64 0.1.2 7.00 53.00 60.00 NOTE
r-oldrel-macos-arm64 0.1.2 25.00 NOTE
r-oldrel-windows-x86_64 0.1.2 6.00 58.00 64.00 NOTE

Check Details

Version: 0.1.2
Check: LazyData
Result: NOTE 'LazyData' is specified without a 'data' directory Flavors: r-devel-linux-x86_64-debian-clang, r-devel-linux-x86_64-debian-gcc, r-devel-linux-x86_64-fedora-clang, r-devel-linux-x86_64-fedora-gcc, r-devel-windows-x86_64, r-patched-linux-x86_64, r-release-linux-x86_64, r-release-macos-arm64, r-release-macos-x86_64, r-release-windows-x86_64, r-oldrel-macos-arm64, r-oldrel-windows-x86_64