Last updated on 2023-09-26 23:04:27 CEST.
Flavor | Version | Tinstall | Tcheck | Ttotal | Status | Flags |
---|---|---|---|---|---|---|
r-devel-linux-x86_64-debian-clang | 1.0.1 | 4.45 | 143.02 | 147.47 | NOTE | |
r-devel-linux-x86_64-debian-gcc | 1.0.1 | 3.87 | 102.38 | 106.25 | NOTE | |
r-devel-linux-x86_64-fedora-clang | 1.0.1 | 176.73 | NOTE | |||
r-devel-linux-x86_64-fedora-gcc | 1.0.1 | 167.54 | NOTE | |||
r-devel-windows-x86_64 | 1.0.1 | 6.00 | 118.00 | 124.00 | NOTE | |
r-patched-linux-x86_64 | 1.0.1 | 3.78 | 136.26 | 140.04 | OK | |
r-release-linux-x86_64 | 1.0.1 | 3.10 | 135.29 | 138.39 | OK | |
r-release-macos-arm64 | 1.0.1 | 50.00 | OK | |||
r-release-macos-x86_64 | 1.0.1 | 83.00 | OK | |||
r-release-windows-x86_64 | 1.0.1 | 6.00 | 142.00 | 148.00 | OK | |
r-oldrel-macos-arm64 | 1.0.1 | 34.00 | OK | |||
r-oldrel-macos-x86_64 | 1.0.1 | 50.00 | OK | |||
r-oldrel-windows-x86_64 | 1.0.1 | 6.00 | 136.00 | 142.00 | OK |
Version: 1.0.1
Check: Rd \usage sections
Result: NOTE
Documented arguments not in \usage in documentation object 'table_params_circle':
‘d’
Documented arguments not in \usage in documentation object 'table_params_rect':
‘d’ ‘scale_breaks’ ‘r_max’
Functions with \usage entries need to have the appropriate \alias
entries, and all their arguments documented.
The \usage entries must correspond to syntactically valid R code.
See chapter ‘Writing R documentation files’ in the ‘Writing R
Extensions’ manual.
Flavors: r-devel-linux-x86_64-debian-clang, r-devel-linux-x86_64-debian-gcc, r-devel-linux-x86_64-fedora-clang, r-devel-linux-x86_64-fedora-gcc, r-devel-windows-x86_64