CRAN Package Check Results for Package tabplot

Last updated on 2019-09-16 22:49:35 CEST.

Flavor Version Tinstall Tcheck Ttotal Status Flags
r-devel-linux-x86_64-debian-clang 1.3-2 4.63 144.41 149.04 OK
r-devel-linux-x86_64-debian-gcc 1.3-2 4.71 95.10 99.81 OK
r-devel-linux-x86_64-fedora-clang 1.3-2 184.28 OK
r-devel-linux-x86_64-fedora-gcc 1.3-2 149.43 OK
r-devel-windows-ix86+x86_64 1.3-2 14.00 141.00 155.00 OK
r-patched-linux-x86_64 1.3-2 4.63 115.36 119.99 OK
r-patched-solaris-x86 1.3-2 362.50 ERROR
r-release-linux-x86_64 1.3-2 5.09 116.50 121.59 OK
r-release-windows-ix86+x86_64 1.3-2 8.00 131.00 139.00 OK
r-release-osx-x86_64 1.3-2 OK
r-oldrel-windows-ix86+x86_64 1.3-2 9.00 130.00 139.00 OK
r-oldrel-osx-x86_64 1.3-2 OK

Check Details

Version: 1.3-2
Check: examples
Result: ERROR
    Running examples in ‘tabplot-Ex.R’ failed
    The error most likely occurred in:
    
    > ### Name: tabplot-package
    > ### Title: Tableplot, a visualization of large datasets
    > ### Aliases: tabplot-package tabplot
    > ### Keywords: datasets large visualization
    >
    > ### ** Examples
    >
    > # load diamonds dataset from ggplot2
    > require(ggplot2)
    Loading required package: ggplot2
    > data(diamonds)
    >
    > # create tableplot
    > tableplot(diamonds)
    Error in ff(initdata = initdata, length = length, levels = levels, ordered = ordered, :
     write error
    Calls: tableplot ... clone.ffdf -> lapply -> FUN -> clone -> clone.ff -> assign -> ff
    Execution halted
Flavor: r-patched-solaris-x86