CRAN Package Check Results for Package tagcloud

Last updated on 2021-11-30 22:54:46 CET.

Flavor Version Tinstall Tcheck Ttotal Status Flags
r-devel-linux-x86_64-debian-clang 0.6 21.20 45.44 66.64 OK
r-devel-linux-x86_64-debian-gcc 0.6 14.29 36.99 51.28 OK
r-devel-linux-x86_64-fedora-clang 0.6 108.14 NOTE
r-devel-linux-x86_64-fedora-gcc 0.6 86.27 NOTE
r-devel-windows-x86_64-new-UL 0.6 34.00 139.00 173.00 OK
r-devel-windows-x86_64-new-TK 0.6 OK
r-devel-windows-x86_64-old 0.6 31.00 66.00 97.00 OK
r-patched-linux-x86_64 0.6 19.31 33.64 52.95 OK
r-patched-solaris-x86 0.6 85.90 OK
r-release-linux-x86_64 0.6 18.64 33.68 52.32 OK
r-release-macos-arm64 0.6 OK
r-release-macos-x86_64 0.6 OK
r-release-windows-ix86+x86_64 0.6 59.00 56.00 115.00 OK
r-oldrel-macos-x86_64 0.6 OK
r-oldrel-windows-ix86+x86_64 0.6 42.00 77.00 119.00 OK

Check Details

Version: 0.6
Check: compiled code
Result: NOTE
    File ‘tagcloud/libs/tagcloud.so’:
     Found no calls to: ‘R_registerRoutines’, ‘R_useDynamicSymbols’
    
    It is good practice to register native routines and to disable symbol
    search.
    
    See ‘Writing portable packages’ in the ‘Writing R Extensions’ manual.
Flavors: r-devel-linux-x86_64-fedora-clang, r-devel-linux-x86_64-fedora-gcc