CRAN Package Check Results for Package tanaka

Last updated on 2021-10-21 22:50:53 CEST.

Flavor Version Tinstall Tcheck Ttotal Status Flags
r-devel-linux-x86_64-debian-clang 0.1.3 24.92 246.54 271.46 NOTE
r-devel-linux-x86_64-debian-gcc 0.1.3 21.34 184.06 205.40 NOTE
r-devel-linux-x86_64-fedora-clang 0.1.3 329.80 NOTE
r-devel-linux-x86_64-fedora-gcc 0.1.3 323.79 NOTE
r-devel-windows-x86_64 0.1.3 38.00 232.00 270.00 NOTE
r-devel-windows-x86_64-gcc10-UCRT 0.1.3 NOTE
r-patched-linux-x86_64 0.1.3 22.75 240.14 262.89 NOTE
r-patched-solaris-x86 0.1.3 219.90 NOTE
r-release-linux-x86_64 0.1.3 21.56 239.27 260.83 NOTE
r-release-macos-arm64 0.1.3 NOTE
r-release-macos-x86_64 0.1.3 NOTE
r-release-windows-ix86+x86_64 0.1.3 38.00 272.00 310.00 NOTE
r-oldrel-macos-x86_64 0.1.3 OK
r-oldrel-windows-ix86+x86_64 0.1.3 25.00 138.00 163.00 OK

Check Details

Version: 0.1.3
Check: LazyData
Result: NOTE
     'LazyData' is specified without a 'data' directory
Flavors: r-devel-linux-x86_64-debian-clang, r-devel-linux-x86_64-debian-gcc, r-devel-linux-x86_64-fedora-clang, r-devel-linux-x86_64-fedora-gcc, r-devel-windows-x86_64, r-devel-windows-x86_64-gcc10-UCRT, r-patched-linux-x86_64, r-patched-solaris-x86, r-release-linux-x86_64, r-release-macos-arm64, r-release-macos-x86_64, r-release-windows-ix86+x86_64