CRAN Package Check Results for Package tardis

Last updated on 2024-02-24 21:40:35 CET.

Flavor Version Tinstall Tcheck Ttotal Status Flags
r-devel-linux-x86_64-debian-clang 0.1.4 7.60 44.16 51.76 NOTE
r-devel-linux-x86_64-debian-gcc 0.1.4 5.91 34.34 40.25 NOTE
r-devel-linux-x86_64-fedora-clang 0.1.4 68.50 NOTE
r-devel-linux-x86_64-fedora-gcc 0.1.4 75.44 NOTE
r-devel-windows-x86_64 0.1.4 8.00 60.00 68.00 NOTE
r-patched-linux-x86_64 0.1.4 5.16 43.36 48.52 NOTE
r-release-linux-x86_64 0.1.4 4.88 43.08 47.96 NOTE
r-release-macos-arm64 0.1.4 34.00 NOTE
r-release-macos-x86_64 0.1.4 51.00 NOTE
r-release-windows-x86_64 0.1.4 10.00 66.00 76.00 NOTE
r-oldrel-macos-arm64 0.1.4 34.00 NOTE
r-oldrel-windows-x86_64 0.1.4 10.00 67.00 77.00 OK

Check Details

Version: 0.1.4
Check: C++ specification
Result: NOTE Specified C++11: please drop specification unless essential Flavors: r-devel-linux-x86_64-debian-clang, r-devel-linux-x86_64-debian-gcc, r-devel-linux-x86_64-fedora-clang, r-devel-linux-x86_64-fedora-gcc, r-devel-windows-x86_64, r-patched-linux-x86_64, r-release-linux-x86_64, r-release-macos-arm64, r-release-macos-x86_64, r-release-windows-x86_64

Version: 0.1.4
Check: data for non-ASCII characters
Result: NOTE Note: found 301 marked UTF-8 strings Flavors: r-devel-linux-x86_64-fedora-clang, r-devel-linux-x86_64-fedora-gcc, r-oldrel-macos-arm64