CRAN Package Check Results for Package taxa

Last updated on 2021-06-12 22:55:24 CEST.

Flavor Version Tinstall Tcheck Ttotal Status Flags
r-devel-linux-x86_64-debian-clang 0.3.4 20.83 102.09 122.92 OK
r-devel-linux-x86_64-debian-gcc 0.3.4 16.32 76.41 92.73 OK
r-devel-linux-x86_64-fedora-clang 0.3.4 157.74 NOTE
r-devel-linux-x86_64-fedora-gcc 0.3.4 146.69 NOTE
r-devel-windows-x86_64 0.3.4 37.00 159.00 196.00 OK
r-devel-windows-x86_64-gcc10-UCRT 0.3.4 NOTE
r-patched-linux-x86_64 0.3.4 27.27 97.44 124.71 OK
r-patched-solaris-x86 0.3.4 188.20 NOTE
r-release-linux-x86_64 0.3.4 18.97 96.16 115.13 OK
r-release-macos-arm64 0.3.4 NOTE
r-release-macos-x86_64 0.3.4 NOTE
r-release-windows-ix86+x86_64 0.3.4 39.00 140.00 179.00 OK
r-oldrel-macos-x86_64 0.3.4 NOTE
r-oldrel-windows-ix86+x86_64 0.3.4 40.00 148.00 188.00 OK

Check Details

Version: 0.3.4
Check: dependencies in R code
Result: NOTE
    Namespaces in Imports field not imported from:
     ‘knitr’ ‘lazyeval’ ‘rlang’ ‘tidyr’
     All declared Imports should be used.
Flavors: r-devel-linux-x86_64-fedora-clang, r-devel-linux-x86_64-fedora-gcc, r-devel-windows-x86_64-gcc10-UCRT, r-patched-solaris-x86, r-release-macos-arm64, r-release-macos-x86_64, r-oldrel-macos-x86_64