Last updated on 2023-09-22 23:05:13 CEST.
Flavor | Version | Tinstall | Tcheck | Ttotal | Status | Flags |
---|---|---|---|---|---|---|
r-devel-linux-x86_64-debian-clang | 0.4.2 | 10.08 | 86.32 | 96.40 | NOTE | |
r-devel-linux-x86_64-debian-gcc | 0.4.2 | 7.63 | 64.08 | 71.71 | NOTE | |
r-devel-linux-x86_64-fedora-clang | 0.4.2 | 120.42 | NOTE | |||
r-devel-linux-x86_64-fedora-gcc | 0.4.2 | 111.63 | NOTE | |||
r-devel-windows-x86_64 | 0.4.2 | 13.00 | 94.00 | 107.00 | NOTE | |
r-patched-linux-x86_64 | 0.4.2 | 16.26 | 81.40 | 97.66 | OK | |
r-release-linux-x86_64 | 0.4.2 | 7.11 | 81.32 | 88.43 | OK | |
r-release-macos-arm64 | 0.4.2 | 36.00 | OK | |||
r-release-macos-x86_64 | 0.4.2 | 58.00 | OK | |||
r-release-windows-x86_64 | 0.4.2 | 12.00 | 106.00 | 118.00 | OK | |
r-oldrel-macos-arm64 | 0.4.2 | 36.00 | OK | |||
r-oldrel-macos-x86_64 | 0.4.2 | 60.00 | OK | |||
r-oldrel-windows-x86_64 | 0.4.2 | 13.00 | 96.00 | 109.00 | OK |
Version: 0.4.2
Check: Rd \usage sections
Result: NOTE
Documented arguments not in \usage in documentation object 'default_db_ref':
‘name’ ‘url’ ‘desc’ ‘id_regex’
Documented arguments not in \usage in documentation object 'limited_print':
‘trunc’
Functions with \usage entries need to have the appropriate \alias
entries, and all their arguments documented.
The \usage entries must correspond to syntactically valid R code.
See chapter ‘Writing R documentation files’ in the ‘Writing R
Extensions’ manual.
Flavors: r-devel-linux-x86_64-debian-clang, r-devel-linux-x86_64-debian-gcc, r-devel-linux-x86_64-fedora-clang, r-devel-linux-x86_64-fedora-gcc, r-devel-windows-x86_64