CRAN Package Check Results for Package taxa

Last updated on 2020-02-17 22:49:51 CET.

Flavor Version Tinstall Tcheck Ttotal Status Flags
r-devel-linux-x86_64-debian-clang 0.3.2 22.68 101.20 123.88 OK
r-devel-linux-x86_64-debian-gcc 0.3.2 16.23 83.54 99.77 OK
r-devel-linux-x86_64-fedora-clang 0.3.2 153.03 NOTE
r-devel-linux-x86_64-fedora-gcc 0.3.2 149.78 NOTE
r-devel-windows-ix86+x86_64 0.3.2 34.00 124.00 158.00 OK
r-devel-windows-ix86+x86_64-gcc8 0.3.2 53.00 125.00 178.00 OK
r-patched-linux-x86_64 0.3.2 18.03 98.69 116.72 OK
r-patched-solaris-x86 0.3.2 188.80 NOTE
r-release-linux-x86_64 0.3.2 17.67 102.18 119.85 OK
r-release-windows-ix86+x86_64 0.3.2 32.00 127.00 159.00 OK
r-release-osx-x86_64 0.3.2 NOTE
r-oldrel-windows-ix86+x86_64 0.3.2 23.00 115.00 138.00 OK
r-oldrel-osx-x86_64 0.3.2 NOTE

Check Details

Version: 0.3.2
Check: dependencies in R code
Result: NOTE
    Namespaces in Imports field not imported from:
     ‘knitr’ ‘lazyeval’ ‘rlang’ ‘tidyr’
     All declared Imports should be used.
Flavors: r-devel-linux-x86_64-fedora-clang, r-devel-linux-x86_64-fedora-gcc, r-patched-solaris-x86, r-release-osx-x86_64, r-oldrel-osx-x86_64