CRAN Package Check Results for Package taxa

Last updated on 2019-09-17 22:48:20 CEST.

Flavor Version Tinstall Tcheck Ttotal Status Flags
r-devel-linux-x86_64-debian-clang 0.3.2 17.79 88.11 105.90 OK
r-devel-linux-x86_64-debian-gcc 0.3.2 15.54 74.92 90.46 OK
r-devel-linux-x86_64-fedora-clang 0.3.2 137.30 NOTE
r-devel-linux-x86_64-fedora-gcc 0.3.2 137.79 NOTE
r-devel-windows-ix86+x86_64 0.3.2 52.00 161.00 213.00 OK
r-patched-linux-x86_64 0.3.2 16.73 97.15 113.88 OK
r-patched-solaris-x86 0.3.2 180.10 NOTE
r-release-linux-x86_64 0.3.2 17.13 95.85 112.98 OK
r-release-windows-ix86+x86_64 0.3.2 23.00 154.00 177.00 OK
r-release-osx-x86_64 0.3.2 NOTE
r-oldrel-windows-ix86+x86_64 0.3.2 40.00 147.00 187.00 OK
r-oldrel-osx-x86_64 0.3.2 NOTE

Check Details

Version: 0.3.2
Check: dependencies in R code
Result: NOTE
    Namespaces in Imports field not imported from:
     ‘knitr’ ‘lazyeval’ ‘rlang’ ‘tidyr’
     All declared Imports should be used.
Flavors: r-devel-linux-x86_64-fedora-clang, r-devel-linux-x86_64-fedora-gcc, r-patched-solaris-x86, r-release-osx-x86_64, r-oldrel-osx-x86_64