CRAN Package Check Results for Package taxadb

Last updated on 2021-08-05 22:55:13 CEST.

Flavor Version Tinstall Tcheck Ttotal Status Flags
r-devel-linux-x86_64-debian-clang 0.1.3 7.36 79.45 86.81 OK
r-devel-linux-x86_64-debian-gcc 0.1.3 5.27 58.02 63.29 OK
r-devel-linux-x86_64-fedora-clang 0.1.3 61.62 NOTE
r-devel-linux-x86_64-fedora-gcc 0.1.3 53.34 NOTE
r-devel-windows-x86_64 0.1.3 12.00 79.00 91.00 OK
r-devel-windows-x86_64-gcc10-UCRT 0.1.3 ERROR
r-patched-linux-x86_64 0.1.3 6.88 73.37 80.25 OK
r-patched-solaris-x86 0.1.3 121.40 NOTE
r-release-linux-x86_64 0.1.3 5.88 73.65 79.53 OK
r-release-macos-arm64 0.1.3 NOTE
r-release-macos-x86_64 0.1.3 NOTE
r-release-windows-ix86+x86_64 0.1.3 18.00 101.00 119.00 OK
r-oldrel-macos-x86_64 0.1.3 NOTE
r-oldrel-windows-ix86+x86_64 0.1.3 18.00 99.00 117.00 OK

Check Details

Version: 0.1.3
Check: dependencies in R code
Result: NOTE
    Namespaces in Imports field not imported from:
     ‘RSQLite’ ‘duckdb’ ‘memoise’
     All declared Imports should be used.
Flavors: r-devel-linux-x86_64-fedora-clang, r-devel-linux-x86_64-fedora-gcc, r-patched-solaris-x86, r-release-macos-arm64, r-release-macos-x86_64, r-oldrel-macos-x86_64

Version: 0.1.3
Check: package dependencies
Result: ERROR
    Packages required but not available: 'dplyr', 'tibble', 'readr', 'dbplyr'
    
    Package suggested but not available for checking: 'testthat'
    
    See section 'The DESCRIPTION file' in the 'Writing R Extensions'
    manual.
Flavor: r-devel-windows-x86_64-gcc10-UCRT