CRAN Package Check Results for Package taxizedb

Last updated on 2021-07-22 22:52:21 CEST.

Flavor Version Tinstall Tcheck Ttotal Status Flags
r-devel-linux-x86_64-debian-clang 0.3.0 8.33 67.12 75.45 NOTE
r-devel-linux-x86_64-debian-gcc 0.3.0 6.63 49.97 56.60 ERROR
r-devel-linux-x86_64-fedora-clang 0.3.0 93.52 ERROR
r-devel-linux-x86_64-fedora-gcc 0.3.0 80.14 ERROR
r-devel-windows-x86_64 0.3.0 10.00 67.00 77.00 NOTE
r-devel-windows-x86_64-gcc10-UCRT 0.3.0 NOTE
r-patched-linux-x86_64 0.3.0 NOTE
r-patched-solaris-x86 0.3.0 114.10 NOTE
r-release-linux-x86_64 0.3.0 7.42 62.94 70.36 NOTE
r-release-macos-arm64 0.3.0 NOTE
r-release-macos-x86_64 0.3.0 NOTE
r-release-windows-ix86+x86_64 0.3.0 17.00 87.00 104.00 NOTE
r-oldrel-macos-x86_64 0.3.0 OK
r-oldrel-windows-ix86+x86_64 0.3.0 18.00 81.00 99.00 OK

Check Details

Version: 0.3.0
Check: LazyData
Result: NOTE
     'LazyData' is specified without a 'data' directory
Flavors: r-devel-linux-x86_64-debian-clang, r-devel-linux-x86_64-debian-gcc, r-devel-linux-x86_64-fedora-clang, r-devel-linux-x86_64-fedora-gcc, r-devel-windows-x86_64, r-devel-windows-x86_64-gcc10-UCRT, r-patched-linux-x86_64, r-patched-solaris-x86, r-release-linux-x86_64, r-release-macos-arm64, r-release-macos-x86_64, r-release-windows-ix86+x86_64

Version: 0.3.0
Check: package dependencies
Result: NOTE
    Package suggested but not available for checking: ‘taxize’
Flavors: r-devel-linux-x86_64-debian-gcc, r-devel-linux-x86_64-fedora-clang, r-devel-linux-x86_64-fedora-gcc

Version: 0.3.0
Check: tests
Result: ERROR
     Running ‘test-all.R’ [2s/3s]
    Running the tests in ‘tests/test-all.R’ failed.
    Complete output:
     > library(testthat)
     > test_check("taxizedb")
     Loading required package: taxizedb
     Error in loadNamespace(x) : there is no package called 'taxize'
     Calls: test_check ... loadNamespace -> withRestarts -> withOneRestart -> doWithOneRestart
     Execution halted
Flavor: r-devel-linux-x86_64-debian-gcc

Version: 0.3.0
Check: tests
Result: ERROR
     Running ‘test-all.R’
    Running the tests in ‘tests/test-all.R’ failed.
    Complete output:
     > library(testthat)
     > test_check("taxizedb")
     Loading required package: taxizedb
     Error in loadNamespace(x) : there is no package called 'taxize'
     Calls: test_check ... loadNamespace -> withRestarts -> withOneRestart -> doWithOneRestart
     Execution halted
Flavors: r-devel-linux-x86_64-fedora-clang, r-devel-linux-x86_64-fedora-gcc