Last updated on 2023-12-04 22:57:57 CET.
Flavor | Version | Tinstall | Tcheck | Ttotal | Status | Flags |
---|---|---|---|---|---|---|
r-devel-linux-x86_64-debian-clang | 0.2.4 | 8.68 | 79.03 | 87.71 | OK | |
r-devel-linux-x86_64-debian-gcc | 0.2.4 | 6.74 | 60.57 | 67.31 | OK | |
r-devel-linux-x86_64-fedora-clang | 0.2.4 | 120.05 | NOTE | |||
r-devel-linux-x86_64-fedora-gcc | 0.2.4 | 124.32 | NOTE | |||
r-devel-windows-x86_64 | 0.2.4 | 10.00 | 86.00 | 96.00 | OK | |
r-patched-linux-x86_64 | 0.2.4 | 14.95 | 76.97 | 91.92 | OK | |
r-release-linux-x86_64 | 0.2.4 | 7.38 | 77.35 | 84.73 | OK | |
r-release-macos-arm64 | 0.2.4 | 44.00 | OK | |||
r-release-macos-x86_64 | 0.2.4 | 71.00 | OK | |||
r-release-windows-x86_64 | 0.2.4 | 14.00 | 97.00 | 111.00 | OK | |
r-oldrel-macos-arm64 | 0.2.4 | 29.00 | OK | |||
r-oldrel-macos-x86_64 | 0.2.4 | 49.00 | OK | |||
r-oldrel-windows-x86_64 | 0.2.4 | 14.00 | 98.00 | 112.00 | OK |
Version: 0.2.4
Check: data for non-ASCII characters
Result: NOTE
Note: found 137 marked UTF-8 strings
Flavors: r-devel-linux-x86_64-fedora-clang, r-devel-linux-x86_64-fedora-gcc