CRAN Package Check Results for Package taxotools

Last updated on 2021-07-30 22:57:46 CEST.

Flavor Version Tinstall Tcheck Ttotal Status Flags
r-devel-linux-x86_64-debian-clang 0.0.79 ERROR
r-devel-linux-x86_64-debian-gcc 0.0.79 6.73 46.66 53.39 NOTE
r-devel-linux-x86_64-fedora-clang 0.0.79 92.02 NOTE
r-devel-linux-x86_64-fedora-gcc 0.0.79 78.74 NOTE
r-devel-windows-x86_64 0.0.79 34.00 89.00 123.00 NOTE
r-devel-windows-x86_64-gcc10-UCRT 0.0.79 NOTE
r-patched-linux-x86_64 0.0.79 NOTE
r-patched-solaris-x86 0.0.79 116.40 NOTE
r-release-linux-x86_64 0.0.79 7.02 60.04 67.06 NOTE
r-release-macos-arm64 0.0.79 NOTE
r-release-macos-x86_64 0.0.79 NOTE
r-release-windows-ix86+x86_64 0.0.79 19.00 88.00 107.00 NOTE
r-oldrel-macos-x86_64 0.0.79 OK
r-oldrel-windows-ix86+x86_64 0.0.79 44.00 89.00 133.00 OK

Check Details

Version: 0.0.79
Check: package dependencies
Result: ERROR
    Package required but not available: 'stringdist'
    
    See section 'The DESCRIPTION file' in the 'Writing R Extensions'
    manual.
Flavor: r-devel-linux-x86_64-debian-clang

Version: 0.0.79
Check: LazyData
Result: NOTE
     'LazyData' is specified without a 'data' directory
Flavors: r-devel-linux-x86_64-debian-gcc, r-devel-linux-x86_64-fedora-clang, r-devel-linux-x86_64-fedora-gcc, r-devel-windows-x86_64, r-devel-windows-x86_64-gcc10-UCRT, r-patched-linux-x86_64, r-patched-solaris-x86, r-release-linux-x86_64, r-release-macos-arm64, r-release-macos-x86_64, r-release-windows-ix86+x86_64