Last updated on 2023-09-26 23:04:27 CEST.
Flavor | Version | Tinstall | Tcheck | Ttotal | Status | Flags |
---|---|---|---|---|---|---|
r-devel-linux-x86_64-debian-clang | 2.0.1 | 8.24 | 68.33 | 76.57 | OK | |
r-devel-linux-x86_64-debian-gcc | 2.0.1 | 6.11 | 50.43 | 56.54 | OK | |
r-devel-linux-x86_64-fedora-clang | 2.0.1 | 89.27 | NOTE | |||
r-devel-linux-x86_64-fedora-gcc | 2.0.1 | 87.98 | NOTE | |||
r-devel-windows-x86_64 | 2.0.1 | 10.00 | 71.00 | 81.00 | OK | |
r-patched-linux-x86_64 | 2.0.1 | 7.43 | 63.86 | 71.29 | OK | |
r-release-linux-x86_64 | 2.0.1 | 7.35 | 64.35 | 71.70 | OK | |
r-release-macos-arm64 | 2.0.1 | 32.00 | OK | |||
r-release-macos-x86_64 | 2.0.1 | 52.00 | OK | |||
r-release-windows-x86_64 | 2.0.1 | 9.00 | 78.00 | 87.00 | OK | |
r-oldrel-macos-arm64 | 2.0.1 | 29.00 | OK | |||
r-oldrel-macos-x86_64 | 2.0.1 | 44.00 | OK | |||
r-oldrel-windows-x86_64 | 2.0.1 | 11.00 | 86.00 | 97.00 | OK |
Version: 2.0.1
Check: data for non-ASCII characters
Result: NOTE
Note: found 30 marked UTF-8 strings
Flavors: r-devel-linux-x86_64-fedora-clang, r-devel-linux-x86_64-fedora-gcc