Last updated on 2023-10-01 23:04:00 CEST.
Flavor | Version | Tinstall | Tcheck | Ttotal | Status | Flags |
---|---|---|---|---|---|---|
r-devel-linux-x86_64-debian-clang | 0.2.0 | 44.33 | 240.88 | 285.21 | NOTE | |
r-devel-linux-x86_64-debian-gcc | 0.2.0 | 31.91 | 312.91 | 344.82 | NOTE | |
r-devel-linux-x86_64-fedora-clang | 0.2.0 | 324.50 | NOTE | |||
r-devel-linux-x86_64-fedora-gcc | 0.2.0 | 377.13 | NOTE | |||
r-devel-windows-x86_64 | 0.2.0 | 38.00 | 197.00 | 235.00 | NOTE | |
r-patched-linux-x86_64 | 0.2.0 | 46.26 | 264.14 | 310.40 | NOTE | |
r-release-linux-x86_64 | 0.2.0 | 47.55 | 263.60 | 311.15 | NOTE | |
r-release-macos-arm64 | 0.2.0 | 90.00 | NOTE | |||
r-release-macos-x86_64 | 0.2.0 | 139.00 | NOTE | |||
r-release-windows-x86_64 | 0.2.0 | 51.00 | 238.00 | 289.00 | NOTE | |
r-oldrel-macos-arm64 | 0.2.0 | 70.00 | NOTE | |||
r-oldrel-macos-x86_64 | 0.2.0 | 102.00 | NOTE | |||
r-oldrel-windows-x86_64 | 0.2.0 | 46.00 | 227.00 | 273.00 | OK |
Version: 0.2.0
Check: C++ specification
Result: NOTE
Specified C++11: please drop specification unless essential
Flavors: r-devel-linux-x86_64-debian-clang, r-devel-linux-x86_64-debian-gcc, r-devel-linux-x86_64-fedora-clang, r-devel-linux-x86_64-fedora-gcc, r-devel-windows-x86_64, r-patched-linux-x86_64, r-release-linux-x86_64, r-release-macos-arm64, r-release-macos-x86_64, r-release-windows-x86_64
Version: 0.2.0
Check: dependencies in R code
Result: NOTE
Namespaces in Imports field not imported from:
‘gridExtra’ ‘reshape2’ ‘truncnorm’ ‘xtable’
All declared Imports should be used.
Flavors: r-devel-linux-x86_64-fedora-clang, r-devel-linux-x86_64-fedora-gcc, r-oldrel-macos-arm64, r-oldrel-macos-x86_64
Version: 0.2.0
Check: installed package size
Result: NOTE
installed size is 5.1Mb
sub-directories of 1Mb or more:
libs 3.8Mb
Flavor: r-oldrel-macos-x86_64