CRAN Package Check Results for Package tcl

Last updated on 2021-11-27 22:57:12 CET.

Flavor Version Tinstall Tcheck Ttotal Status Flags
r-devel-linux-x86_64-debian-clang 0.1.1 OK
r-devel-linux-x86_64-debian-gcc 0.1.1 4.95 55.76 60.71 OK
r-devel-linux-x86_64-fedora-clang 0.1.1 106.56 NOTE
r-devel-linux-x86_64-fedora-gcc 0.1.1 95.20 NOTE
r-devel-windows-x86_64-new-UL 0.1.1 16.00 112.00 128.00 OK
r-devel-windows-x86_64-new-TK 0.1.1 NOTE
r-devel-windows-x86_64-old 0.1.1 10.00 96.00 106.00 OK
r-patched-linux-x86_64 0.1.1 10.05 69.04 79.09 OK
r-patched-solaris-x86 0.1.1 136.20 NOTE
r-release-linux-x86_64 0.1.1 OK
r-release-macos-arm64 0.1.1 NOTE
r-release-macos-x86_64 0.1.1 NOTE
r-release-windows-ix86+x86_64 0.1.1 18.00 71.00 89.00 OK
r-oldrel-macos-x86_64 0.1.1 NOTE
r-oldrel-windows-ix86+x86_64 0.1.1 14.00 95.00 109.00 OK

Check Details

Version: 0.1.1
Check: dependencies in R code
Result: NOTE
    Namespaces in Imports field not imported from:
     ‘colorspace’ ‘psych’
     All declared Imports should be used.
Flavors: r-devel-linux-x86_64-fedora-clang, r-devel-linux-x86_64-fedora-gcc, r-devel-windows-x86_64-new-TK, r-patched-solaris-x86, r-release-macos-arm64, r-release-macos-x86_64, r-oldrel-macos-x86_64