CRAN Package Check Results for Package teachingApps

Last updated on 2021-06-11 22:54:27 CEST.

Flavor Version Tinstall Tcheck Ttotal Status Flags
r-devel-linux-x86_64-debian-clang 1.0.8 262.07 99.00 361.07 NOTE
r-devel-linux-x86_64-debian-gcc 1.0.8 161.82 73.26 235.08 NOTE
r-devel-linux-x86_64-fedora-clang 1.0.8 500.96 NOTE
r-devel-linux-x86_64-fedora-gcc 1.0.8 432.25 NOTE
r-devel-windows-x86_64 1.0.8 307.00 132.00 439.00 NOTE
r-devel-windows-x86_64-gcc10-UCRT 1.0.8 NOTE
r-patched-linux-x86_64 1.0.8 190.28 94.26 284.54 NOTE
r-patched-solaris-x86 1.0.8 408.70 NOTE
r-release-linux-x86_64 1.0.8 189.89 93.61 283.50 NOTE
r-release-macos-arm64 1.0.8 NOTE
r-release-macos-x86_64 1.0.8 NOTE
r-release-windows-ix86+x86_64 1.0.8 580.00 172.00 752.00 NOTE
r-oldrel-macos-x86_64 1.0.8 NOTE
r-oldrel-windows-ix86+x86_64 1.0.8 577.00 179.00 756.00 NOTE

Check Details

Version: 1.0.8
Check: LazyData
Result: NOTE
     'LazyData' is specified without a 'data' directory
Flavors: r-devel-linux-x86_64-debian-clang, r-devel-linux-x86_64-debian-gcc, r-devel-linux-x86_64-fedora-clang, r-devel-linux-x86_64-fedora-gcc, r-devel-windows-x86_64, r-devel-windows-x86_64-gcc10-UCRT, r-patched-linux-x86_64, r-patched-solaris-x86, r-release-linux-x86_64, r-release-macos-arm64, r-release-macos-x86_64, r-release-windows-ix86+x86_64

Version: 1.0.8
Check: installed package size
Result: NOTE
     installed size is 15.2Mb
     sub-directories of 1Mb or more:
     apps 3.2Mb
     libs 10.0Mb
Flavors: r-devel-linux-x86_64-fedora-clang, r-release-macos-arm64, r-release-macos-x86_64, r-release-windows-ix86+x86_64, r-oldrel-macos-x86_64, r-oldrel-windows-ix86+x86_64